CRAN Package Check Results for Package beyondWhittle

Last updated on 2022-08-10 04:53:56 CEST.

Flavor Version Tinstall Tcheck Ttotal Status Flags
r-devel-linux-x86_64-debian-clang 1.1.3 154.19 173.49 327.68 OK
r-devel-linux-x86_64-debian-gcc 1.1.3 117.90 124.06 241.96 OK
r-devel-linux-x86_64-fedora-clang 1.1.3 469.97 OK
r-devel-linux-x86_64-fedora-gcc 1.1.3 416.21 OK
r-devel-windows-x86_64 1.1.3 265.00 214.00 479.00 OK
r-patched-linux-x86_64 1.1.3 130.70 162.35 293.05 OK
r-release-linux-x86_64 1.1.3 OK
r-release-macos-arm64 1.1.3 81.00 NOTE
r-release-macos-x86_64 1.1.3 201.00 NOTE
r-release-windows-x86_64 1.1.3 524.00 215.00 739.00 OK
r-oldrel-macos-arm64 1.1.3 85.00 NOTE
r-oldrel-macos-x86_64 1.1.3 131.00 NOTE
r-oldrel-windows-ix86+x86_64 1.1.3 378.00 372.00 750.00 OK

Check Details

Version: 1.1.3
Check: installed package size
Result: NOTE
     installed size is 5.3Mb
     sub-directories of 1Mb or more:
     libs 4.9Mb
Flavors: r-release-macos-arm64, r-release-macos-x86_64, r-oldrel-macos-arm64, r-oldrel-macos-x86_64