CRAN Package Check Results for Package betareg

Last updated on 2020-07-13 15:48:17 CEST.

Flavor Version Tinstall Tcheck Ttotal Status Flags
r-devel-linux-x86_64-debian-clang 3.1-3 15.20 167.69 182.89 OK
r-devel-linux-x86_64-debian-gcc 3.1-3 11.39 125.68 137.07 OK
r-devel-linux-x86_64-fedora-clang 3.1-3 232.93 OK
r-devel-linux-x86_64-fedora-gcc 3.1-3 227.91 OK
r-devel-windows-ix86+x86_64 3.1-3 20.00 235.00 255.00 OK
r-patched-linux-x86_64 3.1-3 12.17 166.10 178.27 OK
r-patched-solaris-x86 3.1-3 285.90 OK
r-release-linux-x86_64 3.1-3 12.52 166.37 178.89 OK
r-release-macos-x86_64 3.1-3 ERROR
r-release-windows-ix86+x86_64 3.1-3 28.00 205.00 233.00 OK
r-oldrel-macos-x86_64 3.1-3 OK
r-oldrel-windows-ix86+x86_64 3.1-3 23.00 188.00 211.00 OK

Check Details

Version: 3.1-3
Check: whether package can be installed
Result: ERROR
    Installation failed.
Flavor: r-release-macos-x86_64