CRAN Package Check Results for Package bestridge

Last updated on 2022-06-26 03:49:55 CEST.

Flavor Version Tinstall Tcheck Ttotal Status Flags
r-devel-linux-x86_64-debian-clang 1.0.7 365.99 97.16 463.15 OK
r-devel-linux-x86_64-debian-gcc 1.0.7 361.80 96.13 457.93 OK
r-devel-linux-x86_64-fedora-clang 1.0.7 667.74 NOTE
r-devel-linux-x86_64-fedora-gcc 1.0.7 742.35 OK
r-devel-windows-x86_64 1.0.7 269.00 163.00 432.00 OK
r-patched-linux-x86_64 1.0.7 391.68 118.69 510.37 OK
r-release-linux-x86_64 1.0.7 392.73 121.17 513.90 OK
r-release-macos-arm64 1.0.7 154.00 NOTE
r-release-macos-x86_64 1.0.7 197.00 NOTE
r-release-windows-x86_64 1.0.7 273.00 172.00 445.00 OK
r-oldrel-macos-arm64 1.0.7 157.00 NOTE
r-oldrel-macos-x86_64 1.0.7 269.00 NOTE
r-oldrel-windows-ix86+x86_64 1.0.7 960.00 205.00 1165.00 NOTE

Check Details

Version: 1.0.7
Check: installed package size
Result: NOTE
     installed size is 59.7Mb
     sub-directories of 1Mb or more:
     data 2.7Mb
     libs 56.4Mb
Flavors: r-devel-linux-x86_64-fedora-clang, r-release-macos-arm64, r-release-macos-x86_64, r-oldrel-macos-arm64, r-oldrel-macos-x86_64, r-oldrel-windows-ix86+x86_64