CRAN Package Check Results for Package bellreg

Last updated on 2022-09-29 03:57:57 CEST.

Flavor Version Tinstall Tcheck Ttotal Status Flags
r-devel-linux-x86_64-debian-clang 0.0.1 237.14 115.33 352.47 NOTE
r-devel-linux-x86_64-debian-gcc 0.0.1 206.37 96.70 303.07 NOTE
r-devel-linux-x86_64-fedora-clang 0.0.1 446.71 NOTE
r-devel-linux-x86_64-fedora-gcc 0.0.1 560.39 NOTE
r-devel-windows-x86_64 0.0.1 1092.00 177.00 1269.00 NOTE
r-patched-linux-x86_64 0.0.1 174.74 122.13 296.87 NOTE
r-release-linux-x86_64 0.0.1 171.50 127.25 298.75 NOTE
r-release-macos-arm64 0.0.1 130.00 NOTE
r-release-macos-x86_64 0.0.1 230.00 NOTE
r-release-windows-x86_64 0.0.1 355.00 183.00 538.00 NOTE
r-oldrel-macos-arm64 0.0.1 148.00 NOTE
r-oldrel-macos-x86_64 0.0.1 264.00 NOTE
r-oldrel-windows-ix86+x86_64 0.0.1 325.00 19.00 344.00 ERROR

Check Details

Version: 0.0.1
Check: for GNU extensions in Makefiles
Result: NOTE
    GNU make is a SystemRequirements.
Flavors: r-devel-linux-x86_64-debian-clang, r-devel-linux-x86_64-debian-gcc, r-devel-linux-x86_64-fedora-clang, r-devel-linux-x86_64-fedora-gcc, r-devel-windows-x86_64, r-patched-linux-x86_64, r-release-linux-x86_64, r-release-macos-arm64, r-release-macos-x86_64, r-release-windows-x86_64, r-oldrel-macos-arm64, r-oldrel-macos-x86_64

Version: 0.0.1
Check: dependencies in R code
Result: NOTE
    Namespace in Imports field not imported from: ‘rstantools’
     All declared Imports should be used.
Flavors: r-devel-linux-x86_64-fedora-clang, r-devel-linux-x86_64-fedora-gcc, r-release-macos-arm64, r-release-macos-x86_64, r-oldrel-macos-arm64, r-oldrel-macos-x86_64

Version: 0.0.1
Check: installed package size
Result: NOTE
     installed size is 42.6Mb
     sub-directories of 1Mb or more:
     libs 42.3Mb
Flavors: r-release-macos-arm64, r-release-macos-x86_64, r-oldrel-macos-arm64, r-oldrel-macos-x86_64

Version: 0.0.1
Check: whether package can be installed
Result: ERROR
    Installation failed.
Flavor: r-oldrel-windows-ix86+x86_64