CRAN Package Check Results for Package behavr

Last updated on 2023-01-26 15:53:04 CET.

Flavor Version Tinstall Tcheck Ttotal Status Flags
r-devel-linux-x86_64-debian-clang 0.3.2 3.33 58.86 62.19 NOTE
r-devel-linux-x86_64-debian-gcc 0.3.2 1.86 37.27 39.13 NOTE
r-devel-linux-x86_64-fedora-clang 0.3.2 70.55 NOTE
r-devel-linux-x86_64-fedora-gcc 0.3.2 58.67 NOTE
r-devel-windows-x86_64 0.3.2 14.00 70.00 84.00 NOTE
r-patched-linux-x86_64 0.3.2 3.15 47.19 50.34 NOTE
r-release-linux-x86_64 0.3.2 3.23 47.85 51.08 NOTE
r-release-macos-arm64 0.3.2 22.00 NOTE
r-release-macos-x86_64 0.3.2 35.00 NOTE
r-release-windows-x86_64 0.3.2 18.00 81.00 99.00 NOTE
r-oldrel-macos-arm64 0.3.2 30.00 NOTE
r-oldrel-macos-x86_64 0.3.2 50.00 NOTE
r-oldrel-windows-ix86+x86_64 0.3.2 8.00 127.00 135.00 NOTE

Check Details

Version: 0.3.2
Check: LazyData
Result: NOTE
     'LazyData' is specified without a 'data' directory
Flavors: r-devel-linux-x86_64-debian-clang, r-devel-linux-x86_64-debian-gcc, r-devel-linux-x86_64-fedora-clang, r-devel-linux-x86_64-fedora-gcc, r-devel-windows-x86_64, r-patched-linux-x86_64, r-release-linux-x86_64, r-release-macos-arm64, r-release-macos-x86_64, r-release-windows-x86_64, r-oldrel-macos-arm64, r-oldrel-macos-x86_64, r-oldrel-windows-ix86+x86_64