CRAN Package Check Results for Package beepr

Last updated on 2022-08-09 15:56:09 CEST.

Flavor Version Tinstall Tcheck Ttotal Status Flags
r-devel-linux-x86_64-debian-clang 1.3 1.68 21.58 23.26 OK
r-devel-linux-x86_64-debian-gcc 1.3 1.31 17.35 18.66 OK
r-devel-linux-x86_64-fedora-clang 1.3 41.05 OK
r-devel-linux-x86_64-fedora-gcc 1.3 38.92 OK
r-devel-windows-x86_64 1.3 12.00 46.00 58.00 ERROR
r-patched-linux-x86_64 1.3 1.80 21.28 23.08 OK
r-release-linux-x86_64 1.3 OK
r-release-macos-arm64 1.3 14.00 OK
r-release-macos-x86_64 1.3 21.00 OK
r-release-windows-x86_64 1.3 14.00 45.00 59.00 OK
r-oldrel-macos-arm64 1.3 18.00 OK
r-oldrel-macos-x86_64 1.3 25.00 OK
r-oldrel-windows-ix86+x86_64 1.3 7.00 41.00 48.00 OK

Check Details

Version: 1.3
Check: examples
Result: ERROR
    Running examples in 'beepr-Ex.R' failed
    The error most likely occurred in:
    
    > ### Name: beepr
    > ### Title: Easily Play Notification Sounds on any Platform
    > ### Aliases: beepr beepr-package
    >
    > ### ** Examples
    >
    > # Play a "ping" sound
    > beep()
    >
    >
    >
    >
    > ### * <FOOTER>
    > ###
    > cleanEx()
Flavor: r-devel-windows-x86_64