CRAN Package Check Results for Package beam

Last updated on 2022-10-07 15:52:50 CEST.

Flavor Version Tinstall Tcheck Ttotal Status Flags
r-devel-linux-x86_64-debian-clang 2.0.2 55.18 95.17 150.35 OK
r-devel-linux-x86_64-debian-gcc 2.0.2 47.68 72.92 120.60 OK
r-devel-linux-x86_64-fedora-clang 2.0.2 210.01 OK
r-devel-linux-x86_64-fedora-gcc 2.0.2 210.26 OK
r-devel-windows-x86_64 2.0.2 53.00 137.00 190.00 OK
r-patched-linux-x86_64 2.0.2 54.93 92.72 147.65 OK
r-release-linux-x86_64 2.0.2 47.88 92.35 140.23 OK
r-release-macos-arm64 2.0.2 52.00 OK
r-release-macos-x86_64 2.0.2 76.00 NOTE
r-release-windows-x86_64 2.0.2 57.00 137.00 194.00 OK
r-oldrel-macos-arm64 2.0.2 60.00 NOTE
r-oldrel-macos-x86_64 2.0.2 103.00 NOTE
r-oldrel-windows-ix86+x86_64 2.0.2 139.00 171.00 310.00 OK

Check Details

Version: 2.0.2
Check: installed package size
Result: NOTE
     installed size is 5.1Mb
     sub-directories of 1Mb or more:
     libs 4.5Mb
Flavors: r-release-macos-x86_64, r-oldrel-macos-arm64, r-oldrel-macos-x86_64