Last updated on 2022-07-02 15:52:13 CEST.
Flavor | Version | Tinstall | Tcheck | Ttotal | Status | Flags |
---|---|---|---|---|---|---|
r-devel-linux-x86_64-debian-clang | 1.0.4 | 2.82 | 28.33 | 31.15 | NOTE | |
r-devel-linux-x86_64-debian-gcc | 1.0.4 | 2.03 | 21.84 | 23.87 | NOTE | |
r-devel-linux-x86_64-fedora-clang | 1.0.4 | 47.69 | NOTE | |||
r-devel-linux-x86_64-fedora-gcc | 1.0.4 | 46.93 | NOTE | |||
r-devel-windows-x86_64 | 1.0.4 | 14.00 | 53.00 | 67.00 | NOTE | |
r-patched-linux-x86_64 | 1.0.4 | 2.99 | 27.19 | 30.18 | NOTE | |
r-release-linux-x86_64 | 1.0.4 | 2.91 | 27.67 | 30.58 | NOTE | |
r-release-macos-arm64 | 1.0.4 | 18.00 | NOTE | |||
r-release-macos-x86_64 | 1.0.4 | 25.00 | NOTE | |||
r-release-windows-x86_64 | 1.0.4 | 10.00 | 53.00 | 63.00 | NOTE | |
r-oldrel-macos-arm64 | 1.0.4 | 16.00 | NOTE | |||
r-oldrel-macos-x86_64 | 1.0.4 | 28.00 | NOTE | |||
r-oldrel-windows-ix86+x86_64 | 1.0.4 | 8.00 | 47.00 | 55.00 | NOTE |
Version: 1.0.4
Check: LazyData
Result: NOTE
'LazyData' is specified without a 'data' directory
Flavors: r-devel-linux-x86_64-debian-clang, r-devel-linux-x86_64-debian-gcc, r-devel-linux-x86_64-fedora-clang, r-devel-linux-x86_64-fedora-gcc, r-devel-windows-x86_64, r-patched-linux-x86_64, r-release-linux-x86_64, r-release-macos-arm64, r-release-macos-x86_64, r-release-windows-x86_64, r-oldrel-macos-arm64, r-oldrel-macos-x86_64, r-oldrel-windows-ix86+x86_64
Version: 1.0.4
Check: for non-standard things in the check directory
Result: NOTE
Found the following files/directories:
'dump.txt'
Flavors: r-devel-linux-x86_64-debian-clang, r-devel-linux-x86_64-debian-gcc, r-devel-linux-x86_64-fedora-clang, r-devel-linux-x86_64-fedora-gcc, r-patched-linux-x86_64, r-release-linux-x86_64