CRAN Package Check Results for Package bdpopt

Last updated on 2022-07-02 15:52:13 CEST.

Flavor Version Tinstall Tcheck Ttotal Status Flags
r-devel-linux-x86_64-debian-clang 1.0-1 4.07 33.55 37.62 NOTE
r-devel-linux-x86_64-debian-gcc 1.0-1 2.45 25.68 28.13 NOTE
r-devel-linux-x86_64-fedora-clang 1.0-1 55.70 NOTE
r-devel-linux-x86_64-fedora-gcc 1.0-1 55.19 NOTE
r-devel-windows-x86_64 1.0-1 24.00 72.00 96.00 NOTE
r-patched-linux-x86_64 1.0-1 3.25 31.40 34.65 NOTE
r-release-linux-x86_64 1.0-1 3.93 31.90 35.83 NOTE
r-release-macos-arm64 1.0-1 20.00 NOTE
r-release-macos-x86_64 1.0-1 31.00 NOTE
r-release-windows-x86_64 1.0-1 21.00 71.00 92.00 NOTE
r-oldrel-macos-arm64 1.0-1 19.00 NOTE
r-oldrel-macos-x86_64 1.0-1 34.00 NOTE
r-oldrel-windows-ix86+x86_64 1.0-1 7.00 51.00 58.00 NOTE

Check Details

Version: 1.0-1
Check: LazyData
Result: NOTE
     'LazyData' is specified without a 'data' directory
Flavors: r-devel-linux-x86_64-debian-clang, r-devel-linux-x86_64-debian-gcc, r-devel-linux-x86_64-fedora-clang, r-devel-linux-x86_64-fedora-gcc, r-devel-windows-x86_64, r-patched-linux-x86_64, r-release-linux-x86_64, r-release-macos-arm64, r-release-macos-x86_64, r-release-windows-x86_64, r-oldrel-macos-arm64, r-oldrel-macos-x86_64, r-oldrel-windows-ix86+x86_64