CRAN Package Check Results for Package bcmixed

Last updated on 2024-07-24 03:49:12 CEST.

Flavor Version Tinstall Tcheck Ttotal Status Flags
r-devel-linux-x86_64-debian-clang 0.1.4 5.28 74.33 79.61 OK
r-devel-linux-x86_64-debian-gcc 0.1.4 2.75 54.49 57.24 NOTE
r-devel-linux-x86_64-fedora-clang 0.1.4 97.61 OK
r-devel-linux-x86_64-fedora-gcc 0.1.4 97.87 OK
r-devel-windows-x86_64 0.1.4 5.00 79.00 84.00 NOTE
r-patched-linux-x86_64 0.1.4 4.46 70.12 74.58 OK
r-release-linux-x86_64 0.1.4 4.84 68.39 73.23 OK
r-release-macos-arm64 0.1.4 32.00 OK
r-release-macos-x86_64 0.1.4 52.00 OK
r-release-windows-x86_64 0.1.4 4.00 79.00 83.00 OK
r-oldrel-macos-arm64 0.1.4 34.00 OK
r-oldrel-macos-x86_64 0.1.4 55.00 OK
r-oldrel-windows-x86_64 0.1.4 6.00 83.00 89.00 OK

Check Details

Version: 0.1.4
Check: Rd cross-references
Result: NOTE Found the following Rd file(s) with Rd \link{} targets missing package anchors: bcmarg.Rd: gls summary.bcmmrm.Rd: glsObject Please provide package anchors for all Rd \link{} targets not in the package itself and the base packages. Flavors: r-devel-linux-x86_64-debian-gcc, r-devel-windows-x86_64