Last updated on 2022-06-28 15:53:11 CEST.
Flavor | Version | Tinstall | Tcheck | Ttotal | Status | Flags |
---|---|---|---|---|---|---|
r-devel-linux-x86_64-debian-clang | 1.0.2 | 11.20 | 121.69 | 132.89 | NOTE | |
r-devel-linux-x86_64-debian-gcc | 1.0.2 | 8.05 | 88.32 | 96.37 | NOTE | |
r-devel-linux-x86_64-fedora-clang | 1.0.2 | 160.25 | NOTE | |||
r-devel-linux-x86_64-fedora-gcc | 1.0.2 | 159.35 | NOTE | |||
r-devel-windows-x86_64 | 1.0.2 | 51.00 | 151.00 | 202.00 | NOTE | |
r-patched-linux-x86_64 | 1.0.2 | 7.57 | 112.28 | 119.85 | NOTE | |
r-release-linux-x86_64 | 1.0.2 | 10.90 | 112.74 | 123.64 | NOTE | |
r-release-macos-arm64 | 1.0.2 | 47.00 | NOTE | |||
r-release-macos-x86_64 | 1.0.2 | 85.00 | NOTE | |||
r-release-windows-x86_64 | 1.0.2 | 54.00 | 155.00 | 209.00 | NOTE | |
r-oldrel-macos-arm64 | 1.0.2 | 43.00 | NOTE | |||
r-oldrel-macos-x86_64 | 1.0.2 | 53.00 | NOTE | |||
r-oldrel-windows-ix86+x86_64 | 1.0.2 | 23.00 | 149.00 | 172.00 | NOTE |
Version: 1.0.2
Check: LazyData
Result: NOTE
'LazyData' is specified without a 'data' directory
Flavors: r-devel-linux-x86_64-debian-clang, r-devel-linux-x86_64-debian-gcc, r-devel-linux-x86_64-fedora-clang, r-devel-linux-x86_64-fedora-gcc, r-devel-windows-x86_64, r-patched-linux-x86_64, r-release-linux-x86_64, r-release-macos-arm64, r-release-macos-x86_64, r-release-windows-x86_64, r-oldrel-macos-arm64, r-oldrel-macos-x86_64, r-oldrel-windows-ix86+x86_64