CRAN Package Check Results for Package bcfrailphdv

Last updated on 2022-07-04 15:54:36 CEST.

Flavor Version Tinstall Tcheck Ttotal Status Flags
r-devel-linux-x86_64-debian-clang 0.1.0 25.53 140.19 165.72 NOTE
r-devel-linux-x86_64-debian-gcc 0.1.0 15.26 103.57 118.83 NOTE
r-devel-linux-x86_64-fedora-clang 0.1.0 202.70 NOTE
r-devel-linux-x86_64-fedora-gcc 0.1.0 205.14 NOTE
r-devel-windows-x86_64 0.1.0 32.00 150.00 182.00 NOTE
r-patched-linux-x86_64 0.1.0 21.59 136.94 158.53 NOTE
r-release-linux-x86_64 0.1.0 21.00 135.26 156.26 NOTE
r-release-macos-arm64 0.1.0 52.00 NOTE
r-release-macos-x86_64 0.1.0 73.00 NOTE
r-release-windows-x86_64 0.1.0 38.00 153.00 191.00 NOTE
r-oldrel-macos-arm64 0.1.0 65.00 NOTE
r-oldrel-macos-x86_64 0.1.0 96.00 NOTE
r-oldrel-windows-ix86+x86_64 0.1.0 36.00 162.00 198.00 NOTE

Additional issues

donttest

Check Details

Version: 0.1.0
Check: LazyData
Result: NOTE
     'LazyData' is specified without a 'data' directory
Flavors: r-devel-linux-x86_64-debian-clang, r-devel-linux-x86_64-debian-gcc, r-devel-linux-x86_64-fedora-clang, r-devel-linux-x86_64-fedora-gcc, r-devel-windows-x86_64, r-patched-linux-x86_64, r-release-linux-x86_64, r-release-macos-arm64, r-release-macos-x86_64, r-release-windows-x86_64, r-oldrel-macos-arm64, r-oldrel-macos-x86_64, r-oldrel-windows-ix86+x86_64