CRAN Package Check Results for Package bcTSNE

Last updated on 2020-09-24 15:48:23 CEST.

Flavor Version Tinstall Tcheck Ttotal Status Flags
r-devel-linux-x86_64-debian-clang 0.10.0 8.91 79.00 87.91 NOTE
r-devel-linux-x86_64-debian-gcc 0.10.0 7.03 61.59 68.62 NOTE
r-devel-linux-x86_64-fedora-clang 0.10.0 114.49 NOTE
r-devel-linux-x86_64-fedora-gcc 0.10.0 105.24 NOTE
r-devel-windows-ix86+x86_64 0.10.0 21.00 142.00 163.00 NOTE
r-patched-linux-x86_64 0.10.0 9.03 75.93 84.96 NOTE
r-patched-solaris-x86 0.10.0 140.10 NOTE
r-release-linux-x86_64 0.10.0 8.72 75.22 83.94 NOTE
r-release-macos-x86_64 0.10.0 NOTE
r-release-windows-ix86+x86_64 0.10.0 18.00 132.00 150.00 NOTE
r-oldrel-macos-x86_64 0.10.0 NOTE
r-oldrel-windows-ix86+x86_64 0.10.0 13.00 135.00 148.00 NOTE

Check Details

Version: 0.10.0
Check: package dependencies
Result: NOTE
    Packages suggested but not available for checking:
     'kBET', 'lisi', 'harmony', 'dlfUtils'
Flavors: r-devel-linux-x86_64-debian-clang, r-devel-linux-x86_64-debian-gcc, r-devel-windows-ix86+x86_64, r-patched-linux-x86_64, r-release-linux-x86_64, r-release-windows-ix86+x86_64, r-oldrel-windows-ix86+x86_64

Version: 0.10.0
Check: package dependencies
Result: NOTE
    Packages suggested but not available for checking:
     'kBET', 'splatter', 'lisi', 'harmony', 'dlfUtils'
Flavors: r-devel-linux-x86_64-fedora-clang, r-devel-linux-x86_64-fedora-gcc

Version: 0.10.0
Check: package dependencies
Result: NOTE
    Packages suggested but not available for checking:
     'batchelor', 'kBET', 'splatter', 'scater', 'lisi', 'harmony',
     'dlfUtils'
Flavors: r-patched-solaris-x86, r-release-macos-x86_64, r-oldrel-macos-x86_64