Last updated on 2022-08-19 03:57:25 CEST.
Flavor | Version | Tinstall | Tcheck | Ttotal | Status | Flags |
---|---|---|---|---|---|---|
r-devel-linux-x86_64-debian-clang | 2.0.2 | 5.31 | 290.19 | 295.50 | OK | |
r-devel-linux-x86_64-debian-gcc | 2.0.2 | 3.80 | 191.80 | 195.60 | OK | |
r-devel-linux-x86_64-fedora-clang | 2.0.2 | 355.21 | NOTE | |||
r-devel-linux-x86_64-fedora-gcc | 2.0.2 | 388.02 | OK | |||
r-devel-windows-x86_64 | 2.0.2 | 33.00 | 306.00 | 339.00 | OK | |
r-patched-linux-x86_64 | 2.0.2 | 5.95 | 276.52 | 282.47 | OK | |
r-release-linux-x86_64 | 2.0.2 | OK | ||||
r-release-macos-arm64 | 2.0.2 | 82.00 | OK | |||
r-release-macos-x86_64 | 2.0.2 | 137.00 | OK | |||
r-release-windows-x86_64 | 2.0.2 | 26.00 | 317.00 | 343.00 | OK | |
r-oldrel-macos-arm64 | 2.0.2 | 91.00 | OK | |||
r-oldrel-macos-x86_64 | 2.0.2 | 144.00 | OK | |||
r-oldrel-windows-ix86+x86_64 | 2.0.2 | 11.00 | 374.00 | 385.00 | OK |
Version: 2.0.2
Check: Rd cross-references
Result: NOTE
Undeclared package ‘betareg’ in Rd xrefs
Flavor: r-devel-linux-x86_64-fedora-clang