CRAN Package Check Results for Package bbl

Last updated on 2020-11-24 15:52:03 CET.

Flavor Version Tinstall Tcheck Ttotal Status Flags
r-devel-linux-x86_64-debian-clang 0.3.1 62.40 219.29 281.69 OK
r-devel-linux-x86_64-debian-gcc 0.3.1 52.32 175.65 227.97 OK
r-devel-linux-x86_64-fedora-clang 0.3.1 344.62 OK
r-devel-linux-x86_64-fedora-gcc 0.3.1 323.25 OK
r-devel-windows-ix86+x86_64 0.3.1 104.00 388.00 492.00 NOTE
r-patched-linux-x86_64 0.3.1 69.44 214.91 284.35 OK
r-patched-solaris-x86 0.3.1 591.00 OK
r-release-linux-x86_64 0.3.1 75.89 211.59 287.48 OK
r-release-macos-x86_64 0.3.1 NOTE
r-release-windows-ix86+x86_64 0.3.1 91.00 387.00 478.00 NOTE
r-oldrel-macos-x86_64 0.3.1 NOTE
r-oldrel-windows-ix86+x86_64 0.3.1 79.00 382.00 461.00 NOTE

Check Details

Version: 0.3.1
Check: installed package size
Result: NOTE
     installed size is 5.7Mb
     sub-directories of 1Mb or more:
     extdata 2.3Mb
     libs 2.8Mb
Flavors: r-devel-windows-ix86+x86_64, r-release-macos-x86_64, r-release-windows-ix86+x86_64, r-oldrel-macos-x86_64, r-oldrel-windows-ix86+x86_64

Version: 0.3.1
Check: re-building of vignette outputs
Result: NOTE
    Error(s) in re-building vignettes:
    --- re-building ‘article.Rnw’ using Sweave
    Setting levels: control = No, case = Yes
    Loading required package: glmnet
    Loading required package: Matrix
    Loaded glmnet 3.0-2
    
    Setting levels: control = No, case = Yes
    Setting levels: control = No, case = Yes
    Loading required package: Biostrings
    Loading required package: BiocGenerics
    Loading required package: parallel
    
    Attaching package: 'BiocGenerics'
    
    The following objects are masked from 'package:parallel':
    
     clusterApply, clusterApplyLB, clusterCall, clusterEvalQ,
     clusterExport, clusterMap, parApply, parCapply, parLapply,
     parLapplyLB, parRapply, parSapply, parSapplyLB
    
    The following object is masked from 'package:Matrix':
    
     which
    
    The following objects are masked from 'package:stats':
    
     IQR, mad, sd, var, xtabs
    
    The following objects are masked from 'package:base':
    
     Filter, Find, Map, Position, Reduce, anyDuplicated,
     append, as.data.frame, basename, cbind, colnames, dirname,
     do.call, duplicated, eval, evalq, get, grep, grepl,
     intersect, is.unsorted, lapply, mapply, match, mget,
     order, paste, pmax, pmax.int, pmin, pmin.int, rank, rbind,
     rownames, sapply, setdiff, sort, table, tapply, union,
     unique, unsplit, which, which.max, which.min
    
    Loading required package: S4Vectors
    Warning: package 'S4Vectors' was built under R version 3.6.1
    Loading required package: stats4
    
    Attaching package: 'S4Vectors'
    
    The following object is masked from 'package:Matrix':
    
     expand
    
    The following object is masked from 'package:base':
    
     expand.grid
    
    Loading required package: IRanges
    Warning: package 'IRanges' was built under R version 3.6.1
    Loading required package: XVector
    
    Attaching package: 'Biostrings'
    
    The following object is masked from 'package:base':
    
     strsplit
    
    Error: processing vignette 'article.Rnw' failed with diagnostics:
    Running 'texi2dvi' on 'article.tex' failed.
    LaTeX errors:
    !pdfTeX error: pdflatex (file bbm10): Font bbm10 at 657 not found
     ==> Fatal error occurred, no output PDF file produced!
    --- failed re-building 'article.Rnw'
    
    SUMMARY: processing the following file failed:
     'article.Rnw'
    
    Error: Vignette re-building failed.
    Execution halted
Flavor: r-oldrel-macos-x86_64