CRAN Package Check Results for Package bayesrules

Last updated on 2022-09-25 15:56:37 CEST.

Flavor Version Tinstall Tcheck Ttotal Status Flags
r-devel-linux-x86_64-debian-clang 0.0.2 28.43 260.50 288.93 NOTE
r-devel-linux-x86_64-debian-gcc 0.0.2 21.97 190.17 212.14 NOTE
r-devel-linux-x86_64-fedora-clang 0.0.2 352.24 NOTE
r-devel-linux-x86_64-fedora-gcc 0.0.2 368.54 NOTE
r-devel-windows-x86_64 0.0.2 77.00 296.00 373.00 NOTE
r-patched-linux-x86_64 0.0.2 30.65 241.89 272.54 OK
r-release-linux-x86_64 0.0.2 27.07 242.40 269.47 OK
r-release-macos-arm64 0.0.2 91.00 NOTE
r-release-macos-x86_64 0.0.2 158.00 NOTE
r-release-windows-x86_64 0.0.2 82.00 290.00 372.00 OK
r-oldrel-macos-arm64 0.0.2 98.00 NOTE
r-oldrel-macos-x86_64 0.0.2 124.00 NOTE
r-oldrel-windows-ix86+x86_64 0.0.2 42.00 295.00 337.00 OK

Check Details

Version: 0.0.2
Check: package subdirectories
Result: NOTE
    Problems with news in 'NEWS.md':
    No news entries found.
Flavors: r-devel-linux-x86_64-debian-clang, r-devel-linux-x86_64-debian-gcc, r-devel-linux-x86_64-fedora-clang, r-devel-linux-x86_64-fedora-gcc, r-devel-windows-x86_64

Version: 0.0.2
Check: Rd files
Result: NOTE
    checkRd: (-1) pulse_of_the_nation.Rd:10: Escaped LaTeX specials: \$
Flavors: r-devel-linux-x86_64-debian-clang, r-devel-linux-x86_64-debian-gcc, r-devel-linux-x86_64-fedora-clang, r-devel-linux-x86_64-fedora-gcc, r-devel-windows-x86_64

Version: 0.0.2
Check: data for non-ASCII characters
Result: NOTE
     Note: found 1924 marked UTF-8 strings
Flavors: r-devel-linux-x86_64-fedora-clang, r-devel-linux-x86_64-fedora-gcc, r-release-macos-arm64, r-release-macos-x86_64, r-oldrel-macos-arm64, r-oldrel-macos-x86_64