Last updated on 2022-05-25 15:50:28 CEST.
Flavor | Version | Tinstall | Tcheck | Ttotal | Status | Flags |
---|---|---|---|---|---|---|
r-devel-linux-x86_64-debian-clang | 1.9.0 | 17.05 | 585.73 | 602.78 | OK | |
r-devel-linux-x86_64-debian-gcc | 1.9.0 | 12.13 | 399.64 | 411.77 | OK | |
r-devel-linux-x86_64-fedora-clang | 1.9.0 | 666.93 | NOTE | |||
r-devel-linux-x86_64-fedora-gcc | 1.9.0 | 664.47 | OK | |||
r-devel-windows-x86_64 | 1.9.0 | 124.00 | 539.00 | 663.00 | NOTE | |
r-patched-linux-x86_64 | 1.9.0 | 21.69 | 546.08 | 567.77 | OK | |
r-release-linux-x86_64 | 1.9.0 | OK | ||||
r-release-macos-arm64 | 1.9.0 | 147.00 | NOTE | |||
r-release-macos-x86_64 | 1.9.0 | 248.00 | NOTE | |||
r-release-windows-x86_64 | 1.9.0 | 120.00 | 552.00 | 672.00 | NOTE | |
r-oldrel-macos-arm64 | 1.9.0 | 141.00 | NOTE | |||
r-oldrel-macos-x86_64 | 1.9.0 | 193.00 | NOTE | |||
r-oldrel-windows-ix86+x86_64 | 1.9.0 | 30.00 | 624.00 | 654.00 | NOTE |
Version: 1.9.0
Check: installed package size
Result: NOTE
installed size is 6.4Mb
sub-directories of 1Mb or more:
R 1.9Mb
doc 3.9Mb
Flavors: r-devel-linux-x86_64-fedora-clang, r-devel-windows-x86_64, r-release-macos-arm64, r-release-macos-x86_64, r-release-windows-x86_64, r-oldrel-macos-arm64, r-oldrel-macos-x86_64, r-oldrel-windows-ix86+x86_64