CRAN Package Check Results for Package bayesmix

Last updated on 2020-09-22 03:49:14 CEST.

Flavor Version Tinstall Tcheck Ttotal Status Flags
r-devel-linux-x86_64-debian-clang 0.7-4 3.23 27.45 30.68 OK
r-devel-linux-x86_64-debian-gcc 0.7-4 0.29 1.93 2.22 ERROR
r-devel-linux-x86_64-fedora-clang 0.7-4 46.70 OK
r-devel-linux-x86_64-fedora-gcc 0.7-4 38.36 OK
r-devel-windows-ix86+x86_64 0.7-4 7.00 38.00 45.00 OK
r-patched-linux-x86_64 0.7-4 3.33 27.26 30.59 OK
r-patched-solaris-x86 0.7-4 57.50 OK
r-release-linux-x86_64 0.7-4 3.39 27.47 30.86 OK
r-release-macos-x86_64 0.7-4 OK
r-release-windows-ix86+x86_64 0.7-4 6.00 37.00 43.00 OK
r-oldrel-macos-x86_64 0.7-4 OK
r-oldrel-windows-ix86+x86_64 0.7-4 4.00 47.00 51.00 OK

Check Details

Version: 0.7-4
Check: whether package can be installed
Result: ERROR
    Installation failed.
Flavor: r-devel-linux-x86_64-debian-gcc