Last updated on 2022-06-28 15:53:11 CEST.
Flavor | Version | Tinstall | Tcheck | Ttotal | Status | Flags |
---|---|---|---|---|---|---|
r-devel-linux-x86_64-debian-clang | 1.2.0 | 642.05 | 268.51 | 910.56 | NOTE | |
r-devel-linux-x86_64-debian-gcc | 1.2.0 | 514.21 | 215.40 | 729.61 | NOTE | |
r-devel-linux-x86_64-fedora-clang | 1.2.0 | 1208.42 | NOTE | |||
r-devel-linux-x86_64-fedora-gcc | 1.2.0 | 1174.34 | NOTE | |||
r-devel-windows-x86_64 | 1.2.0 | 343.00 | 367.00 | 710.00 | NOTE | |
r-patched-linux-x86_64 | 1.2.0 | 468.86 | 272.53 | 741.39 | NOTE | |
r-release-linux-x86_64 | 1.2.0 | 389.49 | 271.27 | 660.76 | NOTE | |
r-release-macos-arm64 | 1.2.0 | 275.00 | NOTE | |||
r-release-macos-x86_64 | 1.2.0 | 277.00 | NOTE | |||
r-release-windows-x86_64 | 1.2.0 | 334.00 | 362.00 | 696.00 | NOTE | |
r-oldrel-macos-arm64 | 1.2.0 | 342.00 | NOTE | |||
r-oldrel-macos-x86_64 | 1.2.0 | 400.00 | NOTE | |||
r-oldrel-windows-ix86+x86_64 | 1.2.0 | 1170.00 | 495.00 | 1665.00 | NOTE |
Version: 1.2.0
Check: for GNU extensions in Makefiles
Result: NOTE
GNU make is a SystemRequirements.
Flavors: r-devel-linux-x86_64-debian-clang, r-devel-linux-x86_64-debian-gcc, r-devel-linux-x86_64-fedora-clang, r-devel-linux-x86_64-fedora-gcc, r-devel-windows-x86_64, r-patched-linux-x86_64, r-release-linux-x86_64, r-release-macos-arm64, r-release-windows-x86_64, r-oldrel-macos-arm64, r-oldrel-macos-x86_64, r-oldrel-windows-ix86+x86_64
Version: 1.2.0
Check: installed package size
Result: NOTE
installed size is 73.5Mb
sub-directories of 1Mb or more:
doc 1.0Mb
libs 72.0Mb
Flavors: r-devel-linux-x86_64-fedora-clang, r-devel-windows-x86_64, r-release-macos-arm64, r-release-macos-x86_64, r-release-windows-x86_64, r-oldrel-macos-arm64, r-oldrel-macos-x86_64, r-oldrel-windows-ix86+x86_64
Version: 1.2.0
Check: dependencies in R code
Result: NOTE
Namespaces in Imports field not imported from:
‘RcppParallel’ ‘rstantools’
All declared Imports should be used.
Flavors: r-devel-linux-x86_64-fedora-clang, r-devel-linux-x86_64-fedora-gcc, r-release-macos-arm64, r-oldrel-macos-arm64, r-oldrel-macos-x86_64