CRAN Package Check Results for Package bayescopulareg

Last updated on 2022-01-22 03:56:38 CET.

Flavor Version Tinstall Tcheck Ttotal Status Flags
r-devel-linux-x86_64-debian-clang 0.1.3 203.03 37.52 240.55 OK
r-devel-linux-x86_64-debian-gcc 0.1.3 149.31 29.01 178.32 OK
r-devel-linux-x86_64-fedora-clang 0.1.3 370.76 NOTE
r-devel-linux-x86_64-fedora-gcc 0.1.3 321.96 OK
r-devel-windows-x86_64-new-UL 0.1.3 202.00 82.00 284.00 OK
r-devel-windows-x86_64-new-TK 0.1.3 OK
r-patched-linux-x86_64 0.1.3 172.68 36.09 208.77 OK
r-release-linux-x86_64 0.1.3 181.89 36.41 218.30 OK
r-release-macos-arm64 0.1.3 NOTE
r-release-macos-x86_64 0.1.3 NOTE
r-release-windows-ix86+x86_64 0.1.3 507.00 77.00 584.00 OK
r-oldrel-macos-x86_64 0.1.3 NOTE
r-oldrel-windows-ix86+x86_64 0.1.3 501.00 76.00 577.00 OK

Check Details

Version: 0.1.3
Check: installed package size
Result: NOTE
     installed size is 5.8Mb
     sub-directories of 1Mb or more:
     libs 5.7Mb
Flavors: r-devel-linux-x86_64-fedora-clang, r-release-macos-arm64, r-release-macos-x86_64, r-oldrel-macos-x86_64