Last updated on 2022-06-25 15:51:15 CEST.
Flavor | Version | Tinstall | Tcheck | Ttotal | Status | Flags |
---|---|---|---|---|---|---|
r-devel-linux-x86_64-debian-clang | 0.0.1.0 | 149.87 | 203.82 | 353.69 | NOTE | |
r-devel-linux-x86_64-debian-gcc | 0.0.1.0 | 125.38 | 157.35 | 282.73 | NOTE | |
r-devel-linux-x86_64-fedora-clang | 0.0.1.0 | 464.02 | NOTE | |||
r-devel-linux-x86_64-fedora-gcc | 0.0.1.0 | 488.24 | NOTE | |||
r-devel-windows-x86_64 | 0.0.1.0 | 129.00 | 295.00 | 424.00 | NOTE | |
r-patched-linux-x86_64 | 0.0.1.0 | 141.68 | 210.37 | 352.05 | NOTE | |
r-release-linux-x86_64 | 0.0.1.0 | 108.12 | 211.00 | 319.12 | NOTE | |
r-release-macos-arm64 | 0.0.1.0 | 127.00 | NOTE | |||
r-release-macos-x86_64 | 0.0.1.0 | 264.00 | NOTE | |||
r-release-windows-x86_64 | 0.0.1.0 | 130.00 | 293.00 | 423.00 | NOTE | |
r-oldrel-macos-arm64 | 0.0.1.0 | 176.00 | NOTE | |||
r-oldrel-macos-x86_64 | 0.0.1.0 | 155.00 | NOTE | |||
r-oldrel-windows-ix86+x86_64 | 0.0.1.0 | 335.00 | 500.00 | 835.00 | NOTE |
Version: 0.0.1.0
Check: for GNU extensions in Makefiles
Result: NOTE
GNU make is a SystemRequirements.
Flavors: r-devel-linux-x86_64-debian-clang, r-devel-linux-x86_64-debian-gcc, r-devel-linux-x86_64-fedora-clang, r-devel-linux-x86_64-fedora-gcc, r-devel-windows-x86_64, r-patched-linux-x86_64, r-release-linux-x86_64, r-release-macos-arm64, r-release-macos-x86_64, r-release-windows-x86_64, r-oldrel-macos-arm64, r-oldrel-macos-x86_64, r-oldrel-windows-ix86+x86_64
Version: 0.0.1.0
Check: installed package size
Result: NOTE
installed size is 29.1Mb
sub-directories of 1Mb or more:
libs 26.9Mb
Flavors: r-devel-linux-x86_64-fedora-clang, r-release-macos-arm64, r-release-macos-x86_64, r-oldrel-macos-arm64, r-oldrel-macos-x86_64, r-oldrel-windows-ix86+x86_64
Version: 0.0.1.0
Check: dependencies in R code
Result: NOTE
Namespaces in Imports field not imported from:
‘magrittr’ ‘rstantools’
All declared Imports should be used.
Flavors: r-devel-linux-x86_64-fedora-clang, r-devel-linux-x86_64-fedora-gcc, r-release-macos-arm64, r-release-macos-x86_64, r-oldrel-macos-arm64, r-oldrel-macos-x86_64