CRAN Package Check Results for Package bayesZIB

Last updated on 2022-09-24 15:55:15 CEST.

Flavor Version Tinstall Tcheck Ttotal Status Flags
r-devel-linux-x86_64-debian-clang 0.0.4 125.43 89.45 214.88 NOTE
r-devel-linux-x86_64-debian-gcc 0.0.4 110.73 71.45 182.18 NOTE
r-devel-linux-x86_64-fedora-clang 0.0.4 274.26 NOTE
r-devel-linux-x86_64-fedora-gcc 0.0.4 330.18 NOTE
r-devel-windows-x86_64 0.0.4 98.00 143.00 241.00 NOTE
r-patched-linux-x86_64 0.0.4 108.21 93.93 202.14 NOTE
r-release-linux-x86_64 0.0.4 96.41 91.41 187.82 NOTE
r-release-macos-arm64 0.0.4 80.00 NOTE
r-release-macos-x86_64 0.0.4 123.00 NOTE
r-release-windows-x86_64 0.0.4 506.00 143.00 649.00 NOTE
r-oldrel-macos-arm64 0.0.4 77.00 NOTE
r-oldrel-macos-x86_64 0.0.4 121.00 NOTE
r-oldrel-windows-ix86+x86_64 0.0.4 290.00 177.00 467.00 NOTE

Check Details

Version: 0.0.4
Check: for GNU extensions in Makefiles
Result: NOTE
    GNU make is a SystemRequirements.
Flavors: r-devel-linux-x86_64-debian-clang, r-devel-linux-x86_64-debian-gcc, r-devel-linux-x86_64-fedora-clang, r-devel-linux-x86_64-fedora-gcc, r-devel-windows-x86_64, r-patched-linux-x86_64, r-release-linux-x86_64, r-release-macos-arm64, r-release-macos-x86_64, r-release-windows-x86_64, r-oldrel-macos-arm64, r-oldrel-macos-x86_64, r-oldrel-windows-ix86+x86_64

Version: 0.0.4
Check: installed package size
Result: NOTE
     installed size is 33.1Mb
     sub-directories of 1Mb or more:
     libs 32.9Mb
Flavors: r-release-macos-arm64, r-release-macos-x86_64, r-oldrel-macos-arm64, r-oldrel-macos-x86_64