CRAN Package Check Results for Package bayesGARCH

Last updated on 2020-09-24 03:52:50 CEST.

Flavor Version Tinstall Tcheck Ttotal Status Flags
r-devel-linux-x86_64-debian-clang 2.1.5 3.30 31.20 34.50 OK
r-devel-linux-x86_64-debian-gcc 2.1.5 2.26 24.47 26.73 OK
r-devel-linux-x86_64-fedora-clang 2.1.5 50.45 NOTE
r-devel-linux-x86_64-fedora-gcc 2.1.5 41.07 NOTE
r-devel-windows-ix86+x86_64 2.1.5 11.00 52.00 63.00 OK
r-patched-linux-x86_64 2.1.5 2.99 30.03 33.02 OK
r-patched-solaris-x86 2.1.5 60.60 OK
r-release-linux-x86_64 2.1.5 2.84 29.82 32.66 OK
r-release-macos-x86_64 2.1.5 OK
r-release-windows-ix86+x86_64 2.1.5 7.00 71.00 78.00 OK
r-oldrel-macos-x86_64 2.1.5 OK
r-oldrel-windows-ix86+x86_64 2.1.5 5.00 66.00 71.00 OK

Check Details

Version: 2.1.5
Check: Rd cross-references
Result: NOTE
    Undeclared package ‘fGarch’ in Rd xrefs
Flavor: r-devel-linux-x86_64-fedora-clang

Version: 2.1.5
Check: compiled code
Result: NOTE
    File ‘bayesGARCH/libs/bayesGARCH.so’:
     Found no calls to: ‘R_registerRoutines’, ‘R_useDynamicSymbols’
    
    It is good practice to register native routines and to disable symbol
    search.
    
    See ‘Writing portable packages’ in the ‘Writing R Extensions’ manual.
Flavors: r-devel-linux-x86_64-fedora-clang, r-devel-linux-x86_64-fedora-gcc