CRAN Package Check Results for Package bayefdr

Last updated on 2021-09-19 03:50:50 CEST.

Flavor Version Tinstall Tcheck Ttotal Status Flags
r-devel-linux-x86_64-debian-clang 0.1.0 4.64 53.55 58.19 OK
r-devel-linux-x86_64-debian-gcc 0.1.0 3.49 39.61 43.10 OK
r-devel-linux-x86_64-fedora-clang 0.1.0 78.32 OK
r-devel-linux-x86_64-fedora-gcc 0.1.0 64.83 OK
r-devel-windows-x86_64 0.1.0 7.00 63.00 70.00 OK
r-devel-windows-x86_64-gcc10-UCRT 0.1.0 ERROR
r-patched-linux-x86_64 0.1.0 4.81 48.01 52.82 OK
r-patched-solaris-x86 0.1.0 94.60 OK
r-release-linux-x86_64 0.1.0 4.07 48.40 52.47 OK
r-release-macos-arm64 0.1.0 OK
r-release-macos-x86_64 0.1.0 OK
r-release-windows-ix86+x86_64 0.1.0 13.00 69.00 82.00 OK
r-oldrel-macos-x86_64 0.1.0 OK
r-oldrel-windows-ix86+x86_64 0.1.0 13.00 53.00 66.00 OK

Check Details

Version: 0.1.0
Check: whether package can be installed
Result: WARN
    Found the following significant warnings:
     WARNING: installation-time patches will not be applied, could not get the patches index
Flavor: r-devel-windows-x86_64-gcc10-UCRT

Version: 0.1.0
Check: PDF version of manual
Result: WARN
    LaTeX errors when creating PDF version.
    This typically indicates Rd problems.
Flavor: r-devel-windows-x86_64-gcc10-UCRT

Version: 0.1.0
Check: PDF version of manual without hyperrefs or index
Result: ERROR
    Re-running with no redirection of stdout/stderr.
Flavor: r-devel-windows-x86_64-gcc10-UCRT