Last updated on 2022-06-27 15:53:38 CEST.
Flavor | Version | Tinstall | Tcheck | Ttotal | Status | Flags |
---|---|---|---|---|---|---|
r-devel-linux-x86_64-debian-clang | 0.9.15 | 13.54 | 158.03 | 171.57 | OK | |
r-devel-linux-x86_64-debian-gcc | 0.9.15 | 11.47 | 114.10 | 125.57 | OK | |
r-devel-linux-x86_64-fedora-clang | 0.9.15 | 207.78 | NOTE | |||
r-devel-linux-x86_64-fedora-gcc | 0.9.15 | 205.16 | OK | |||
r-devel-windows-x86_64 | 0.9.15 | 104.00 | 232.00 | 336.00 | OK | |
r-patched-linux-x86_64 | 0.9.15 | 19.35 | 140.80 | 160.15 | OK | |
r-release-linux-x86_64 | 0.9.15 | 12.15 | 141.53 | 153.68 | OK | |
r-release-macos-arm64 | 0.9.15 | 78.00 | NOTE | |||
r-release-macos-x86_64 | 0.9.15 | 104.00 | NOTE | |||
r-release-windows-x86_64 | 0.9.15 | 118.00 | 239.00 | 357.00 | OK | |
r-oldrel-macos-arm64 | 0.9.15 | 93.00 | NOTE | |||
r-oldrel-macos-x86_64 | 0.9.15 | 125.00 | NOTE | |||
r-oldrel-windows-ix86+x86_64 | 0.9.15 | 31.00 | 354.00 | 385.00 | OK |
Version: 0.9.15
Check: Rd cross-references
Result: NOTE
Undeclared package ‘Rmpi’ in Rd xrefs
Flavor: r-devel-linux-x86_64-fedora-clang
Version: 0.9.15
Check: package dependencies
Result: NOTE
Package suggested but not available for checking: ‘doMPI’
Flavors: r-release-macos-arm64, r-release-macos-x86_64, r-oldrel-macos-arm64, r-oldrel-macos-x86_64
Version: 0.9.15
Check: Rd cross-references
Result: NOTE
Package unavailable to check Rd xrefs: ‘Rmpi’
Flavors: r-release-macos-arm64, r-release-macos-x86_64, r-oldrel-macos-arm64, r-oldrel-macos-x86_64