CRAN Package Check Results for Package batchtools

Last updated on 2020-11-30 03:47:35 CET.

Flavor Version Tinstall Tcheck Ttotal Status Flags
r-devel-linux-x86_64-debian-clang 0.9.14 17.56 157.95 175.51 OK
r-devel-linux-x86_64-debian-gcc 0.9.14 11.89 117.88 129.77 OK
r-devel-linux-x86_64-fedora-clang 0.9.14 203.76 OK
r-devel-linux-x86_64-fedora-gcc 0.9.14 199.40 OK
r-devel-windows-ix86+x86_64 0.9.14 26.00 306.00 332.00 OK
r-patched-linux-x86_64 0.9.14 15.91 150.44 166.35 OK
r-patched-solaris-x86 0.9.14 290.70 OK
r-release-linux-x86_64 0.9.14 14.42 149.33 163.75 OK
r-release-macos-x86_64 0.9.14 NOTE
r-release-windows-ix86+x86_64 0.9.14 20.00 258.00 278.00 OK
r-oldrel-macos-x86_64 0.9.14 NOTE
r-oldrel-windows-ix86+x86_64 0.9.14 19.00 269.00 288.00 OK

Check Details

Version: 0.9.14
Check: package dependencies
Result: NOTE
    Packages suggested but not available for checking: 'doMPI', 'Rmpi'
Flavors: r-release-macos-x86_64, r-oldrel-macos-x86_64

Version: 0.9.14
Check: Rd cross-references
Result: NOTE
    Package unavailable to check Rd xrefs: ‘Rmpi’
Flavors: r-release-macos-x86_64, r-oldrel-macos-x86_64