CRAN Package Check Results for Package bastah

Last updated on 2020-09-22 03:49:14 CEST.

Flavor Version Tinstall Tcheck Ttotal Status Flags
r-devel-linux-x86_64-debian-clang 1.0.7 9.60 63.00 72.60 NOTE
r-devel-linux-x86_64-debian-gcc 1.0.7 0.26 1.85 2.11 ERROR
r-devel-linux-x86_64-fedora-clang 1.0.7 96.45 NOTE
r-devel-linux-x86_64-fedora-gcc 1.0.7 87.52 NOTE
r-devel-windows-ix86+x86_64 1.0.7 18.00 70.00 88.00 NOTE
r-patched-linux-x86_64 1.0.7 6.80 61.30 68.10 NOTE
r-patched-solaris-x86 1.0.7 127.50 NOTE
r-release-linux-x86_64 1.0.7 8.08 62.42 70.50 NOTE
r-release-macos-x86_64 1.0.7 NOTE
r-release-windows-ix86+x86_64 1.0.7 19.00 72.00 91.00 NOTE
r-oldrel-macos-x86_64 1.0.7 OK
r-oldrel-windows-ix86+x86_64 1.0.7 11.00 88.00 99.00 NOTE

Check Details

Version: 1.0.7
Check: package dependencies
Result: NOTE
    Package which this enhances but not available for checking: 'rPython'
Flavors: r-devel-linux-x86_64-debian-clang, r-devel-linux-x86_64-debian-gcc, r-devel-linux-x86_64-fedora-clang, r-devel-linux-x86_64-fedora-gcc, r-patched-linux-x86_64, r-patched-solaris-x86, r-release-linux-x86_64, r-release-macos-x86_64

Version: 1.0.7
Check: whether package can be installed
Result: ERROR
    Installation failed.
Flavor: r-devel-linux-x86_64-debian-gcc

Version: 1.0.7
Check: package dependencies
Result: NOTE
    Packages which this enhances but not available for checking:
     'doMC', 'rPython'
Flavors: r-devel-windows-ix86+x86_64, r-release-windows-ix86+x86_64, r-oldrel-windows-ix86+x86_64