CRAN Package Check Results for Package basf

Last updated on 2024-07-22 03:49:11 CEST.

Flavor Version Tinstall Tcheck Ttotal Status Flags
r-devel-linux-x86_64-debian-clang 0.2.0 6.36 70.69 77.05 NOTE
r-devel-linux-x86_64-debian-gcc 0.2.0 4.73 52.70 57.43 NOTE
r-devel-linux-x86_64-fedora-clang 0.2.0 93.27 NOTE
r-devel-linux-x86_64-fedora-gcc 0.2.0 90.95 NOTE
r-devel-windows-x86_64 0.2.0 6.00 67.00 73.00 NOTE
r-patched-linux-x86_64 0.2.0 6.57 65.71 72.28 NOTE
r-release-linux-x86_64 0.2.0 4.99 67.07 72.06 NOTE
r-release-macos-arm64 0.2.0 30.00 NOTE
r-release-macos-x86_64 0.2.0 43.00 NOTE
r-release-windows-x86_64 0.2.0 6.00 65.00 71.00 NOTE
r-oldrel-macos-arm64 0.2.0 30.00 NOTE
r-oldrel-macos-x86_64 0.2.0 50.00 NOTE
r-oldrel-windows-x86_64 0.2.0 8.00 76.00 84.00 NOTE

Check Details

Version: 0.2.0
Check: LazyData
Result: NOTE 'LazyData' is specified without a 'data' directory Flavors: r-devel-linux-x86_64-debian-clang, r-devel-linux-x86_64-debian-gcc, r-devel-linux-x86_64-fedora-clang, r-devel-linux-x86_64-fedora-gcc, r-devel-windows-x86_64, r-patched-linux-x86_64, r-release-linux-x86_64, r-release-macos-arm64, r-release-macos-x86_64, r-release-windows-x86_64, r-oldrel-macos-arm64, r-oldrel-macos-x86_64, r-oldrel-windows-x86_64