CRAN Package Check Results for Package basefun

Last updated on 2022-10-07 15:52:50 CEST.

Flavor Version Tinstall Tcheck Ttotal Status Flags
r-devel-linux-x86_64-debian-clang 1.1-3 11.22 87.72 98.94 OK
r-devel-linux-x86_64-debian-gcc 1.1-3 7.80 64.93 72.73 NOTE
r-devel-linux-x86_64-fedora-clang 1.1-3 134.77 OK
r-devel-linux-x86_64-fedora-gcc 1.1-3 123.34 OK
r-devel-windows-x86_64 1.1-3 21.00 112.00 133.00 OK
r-patched-linux-x86_64 1.1-3 9.58 82.40 91.98 OK
r-release-linux-x86_64 1.1-3 10.31 80.63 90.94 OK
r-release-macos-arm64 1.1-3 39.00 OK
r-release-macos-x86_64 1.1-3 53.00 OK
r-release-windows-x86_64 1.1-3 27.00 111.00 138.00 OK
r-oldrel-macos-arm64 1.1-3 35.00 OK
r-oldrel-macos-x86_64 1.1-3 53.00 OK
r-oldrel-windows-ix86+x86_64 1.1-3 22.00 147.00 169.00 OK

Check Details

Version: 1.1-3
Check: compilation flags used
Result: NOTE
    Compilation used the following non-portable flag(s):
     ‘-Wstrict-prototypes’
Flavor: r-devel-linux-x86_64-debian-gcc