Last updated on 2023-10-01 05:05:36 CEST.
Flavor | Version | Tinstall | Tcheck | Ttotal | Status | Flags |
---|---|---|---|---|---|---|
r-devel-linux-x86_64-debian-clang | 1.0 | 273.42 | 68.58 | 342.00 | NOTE | |
r-devel-linux-x86_64-debian-gcc | 1.0 | 168.28 | 53.67 | 221.95 | NOTE | |
r-devel-linux-x86_64-fedora-clang | 1.0 | 432.36 | NOTE | |||
r-devel-linux-x86_64-fedora-gcc | 1.0 | 432.59 | NOTE | |||
r-devel-windows-x86_64 | 1.0 | 132.00 | 112.00 | 244.00 | NOTE | |
r-patched-linux-x86_64 | 1.0 | 208.36 | 69.51 | 277.87 | NOTE | |
r-release-linux-x86_64 | 1.0 | 215.07 | 68.21 | 283.28 | NOTE | |
r-release-macos-arm64 | 1.0 | 116.00 | NOTE | |||
r-release-macos-x86_64 | 1.0 | 182.00 | NOTE | |||
r-release-windows-x86_64 | 1.0 | 183.00 | 120.00 | 303.00 | NOTE | |
r-oldrel-macos-arm64 | 1.0 | 107.00 | NOTE | |||
r-oldrel-macos-x86_64 | 1.0 | 149.00 | NOTE | |||
r-oldrel-windows-x86_64 | 1.0 | 164.00 | 120.00 | 284.00 | OK |
Version: 1.0
Check: C++ specification
Result: NOTE
Specified C++11: please drop specification unless essential
Flavors: r-devel-linux-x86_64-debian-clang, r-devel-linux-x86_64-debian-gcc, r-devel-linux-x86_64-fedora-clang, r-devel-linux-x86_64-fedora-gcc, r-devel-windows-x86_64, r-patched-linux-x86_64, r-release-linux-x86_64, r-release-macos-arm64, r-release-macos-x86_64, r-release-windows-x86_64
Version: 1.0
Check: dependencies in R code
Result: NOTE
Namespace in Imports field not imported from: ‘mvnfast’
All declared Imports should be used.
Flavors: r-devel-linux-x86_64-fedora-clang, r-devel-linux-x86_64-fedora-gcc, r-oldrel-macos-x86_64
Version: 1.0
Check: installed package size
Result: NOTE
installed size is 19.6Mb
sub-directories of 1Mb or more:
libs 19.4Mb
Flavors: r-release-macos-arm64, r-release-macos-x86_64, r-oldrel-macos-arm64, r-oldrel-macos-x86_64