CRAN Package Check Results for Package bartBMA

Last updated on 2022-09-24 15:55:14 CEST.

Flavor Version Tinstall Tcheck Ttotal Status Flags
r-devel-linux-x86_64-debian-clang 1.0 293.07 69.94 363.01 OK
r-devel-linux-x86_64-debian-gcc 1.0 170.35 54.34 224.69 OK
r-devel-linux-x86_64-fedora-clang 1.0 468.88 NOTE
r-devel-linux-x86_64-fedora-gcc 1.0 399.98 NOTE
r-devel-windows-x86_64 1.0 177.00 132.00 309.00 OK
r-patched-linux-x86_64 1.0 180.67 68.88 249.55 OK
r-release-linux-x86_64 1.0 172.74 66.61 239.35 OK
r-release-macos-arm64 1.0 94.00 NOTE
r-release-macos-x86_64 1.0 149.00 NOTE
r-release-windows-x86_64 1.0 143.00 139.00 282.00 OK
r-oldrel-macos-arm64 1.0 114.00 NOTE
r-oldrel-macos-x86_64 1.0 202.00 NOTE
r-oldrel-windows-ix86+x86_64 1.0 409.00 168.00 577.00 NOTE

Check Details

Version: 1.0
Check: dependencies in R code
Result: NOTE
    Namespace in Imports field not imported from: ‘mvnfast’
     All declared Imports should be used.
Flavors: r-devel-linux-x86_64-fedora-clang, r-devel-linux-x86_64-fedora-gcc, r-release-macos-arm64, r-release-macos-x86_64, r-oldrel-macos-arm64, r-oldrel-macos-x86_64

Version: 1.0
Check: installed package size
Result: NOTE
     installed size is 18.7Mb
     sub-directories of 1Mb or more:
     libs 18.5Mb
Flavors: r-release-macos-arm64, r-release-macos-x86_64, r-oldrel-macos-arm64, r-oldrel-macos-x86_64, r-oldrel-windows-ix86+x86_64