CRAN Package Check Results for Package bambooHR

Last updated on 2023-02-01 15:51:17 CET.

Flavor Version Tinstall Tcheck Ttotal Status Flags
r-devel-linux-x86_64-debian-clang 0.1.0 4.04 36.00 40.04 OK
r-devel-linux-x86_64-debian-gcc 0.1.0 2.96 27.93 30.89 OK
r-devel-linux-x86_64-fedora-clang 0.1.0 50.86 NOTE
r-devel-linux-x86_64-fedora-gcc 0.1.0 52.30 NOTE
r-devel-windows-x86_64 0.1.0 23.00 77.00 100.00 OK
r-patched-linux-x86_64 0.1.0 3.80 35.90 39.70 OK
r-release-linux-x86_64 0.1.0 2.40 35.51 37.91 OK
r-release-macos-arm64 0.1.0 18.00 NOTE
r-release-macos-x86_64 0.1.0 37.00 NOTE
r-release-windows-x86_64 0.1.0 7.00 66.00 73.00 OK
r-oldrel-macos-arm64 0.1.0 19.00 NOTE
r-oldrel-macos-x86_64 0.1.0 26.00 NOTE
r-oldrel-windows-ix86+x86_64 0.1.0 9.00 60.00 69.00 OK

Check Details

Version: 0.1.0
Check: dependencies in R code
Result: NOTE
    Namespaces in Imports field not imported from:
     ‘fs’ ‘testthat’
     All declared Imports should be used.
Flavors: r-devel-linux-x86_64-fedora-clang, r-devel-linux-x86_64-fedora-gcc, r-release-macos-arm64, r-release-macos-x86_64, r-oldrel-macos-arm64, r-oldrel-macos-x86_64