CRAN Package Check Results for Package balance

Last updated on 2020-09-22 16:02:22 CEST.

Flavor Version Tinstall Tcheck Ttotal Status Flags
r-devel-linux-x86_64-debian-clang 0.2.4 3.62 51.16 54.78 OK
r-devel-linux-x86_64-debian-gcc 0.2.4 3.06 38.93 41.99 OK
r-devel-linux-x86_64-fedora-clang 0.2.4 78.08 OK
r-devel-linux-x86_64-fedora-gcc 0.2.4 68.41 OK
r-devel-windows-ix86+x86_64 0.2.4 12.00 61.00 73.00 OK
r-patched-linux-x86_64 0.2.4 4.06 49.09 53.15 OK
r-patched-solaris-x86 0.2.4 88.00 OK
r-release-linux-x86_64 0.2.4 4.16 48.87 53.03 OK
r-release-macos-x86_64 0.2.4 NOTE
r-release-windows-ix86+x86_64 0.2.4 11.00 75.00 86.00 OK
r-oldrel-macos-x86_64 0.2.4 NOTE
r-oldrel-windows-ix86+x86_64 0.2.4 5.00 79.00 84.00 OK

Check Details

Version: 0.2.4
Check: package dependencies
Result: NOTE
    Package suggested but not available for checking: ‘philr’
Flavors: r-release-macos-x86_64, r-oldrel-macos-x86_64