Last updated on 2021-01-25 03:52:35 CET.
Flavor | Version | Tinstall | Tcheck | Ttotal | Status | Flags |
---|---|---|---|---|---|---|
r-devel-linux-x86_64-debian-clang | 1.2.1 | 3.06 | 33.96 | 37.02 | OK | |
r-devel-linux-x86_64-debian-gcc | 1.2.1 | 2.44 | 26.92 | 29.36 | OK | |
r-devel-linux-x86_64-fedora-clang | 1.2.1 | 54.69 | OK | |||
r-devel-linux-x86_64-fedora-gcc | 1.2.1 | 44.63 | OK | |||
r-devel-windows-ix86+x86_64 | 1.2.1 | 10.00 | 78.00 | 88.00 | OK | |
r-patched-linux-x86_64 | 1.2.1 | 3.08 | 33.33 | 36.41 | OK | |
r-patched-solaris-x86 | 1.2.1 | 73.60 | OK | |||
r-release-linux-x86_64 | 1.2.1 | 3.15 | 33.36 | 36.51 | OK | |
r-release-macos-x86_64 | 1.2.1 | OK | ||||
r-release-windows-ix86+x86_64 | 1.2.1 | 1.00 | 3.00 | 4.00 | ERROR | |
r-oldrel-macos-x86_64 | 1.2.1 | OK | ||||
r-oldrel-windows-ix86+x86_64 | 1.2.1 | 1.00 | 4.00 | 5.00 | ERROR |
Version: 1.2.1
Check: whether package can be installed
Result: ERROR
Installation failed.
Flavors: r-release-windows-ix86+x86_64, r-oldrel-windows-ix86+x86_64