CRAN Package Check Results for Package backShift

Last updated on 2020-12-01 04:47:29 CET.

Flavor Version Tinstall Tcheck Ttotal Status Flags
r-devel-linux-x86_64-debian-clang 0.1.4.3 10.20 134.77 144.97 OK
r-devel-linux-x86_64-debian-gcc 0.1.4.3 6.64 98.57 105.21 OK
r-devel-linux-x86_64-fedora-clang 0.1.4.3 167.89 NOTE
r-devel-linux-x86_64-fedora-gcc 0.1.4.3 160.02 OK
r-devel-windows-ix86+x86_64 0.1.4.3 20.00 254.00 274.00 OK
r-patched-linux-x86_64 0.1.4.3 8.34 124.85 133.19 OK
r-patched-solaris-x86 0.1.4.3 230.20 OK
r-release-linux-x86_64 0.1.4.3 8.13 125.65 133.78 OK
r-release-macos-x86_64 0.1.4.3 OK
r-release-windows-ix86+x86_64 0.1.4.3 17.00 183.00 200.00 OK
r-oldrel-macos-x86_64 0.1.4.3 OK
r-oldrel-windows-ix86+x86_64 0.1.4.3 14.00 243.00 257.00 OK

Check Details

Version: 0.1.4.3
Check: Rd cross-references
Result: NOTE
    Undeclared packages ‘InvariantCausalPrediction’, ‘CompareCausalNetworks’ in Rd xrefs
Flavor: r-devel-linux-x86_64-fedora-clang