CRAN Package Check Results for Package bacistool

Last updated on 2022-07-02 15:52:12 CEST.

Flavor Version Tinstall Tcheck Ttotal Status Flags
r-devel-linux-x86_64-debian-clang 1.0.0 1.98 30.74 32.72 NOTE
r-devel-linux-x86_64-debian-gcc 1.0.0 2.16 23.92 26.08 NOTE
r-devel-linux-x86_64-fedora-clang 1.0.0 52.08 NOTE
r-devel-linux-x86_64-fedora-gcc 1.0.0 51.04 NOTE
r-devel-windows-x86_64 1.0.0 23.00 55.00 78.00 NOTE
r-patched-linux-x86_64 1.0.0 2.13 31.01 33.14 NOTE
r-release-linux-x86_64 1.0.0 2.44 30.67 33.11 NOTE
r-release-macos-arm64 1.0.0 21.00 NOTE
r-release-macos-x86_64 1.0.0 27.00 NOTE
r-release-windows-x86_64 1.0.0 19.00 56.00 75.00 NOTE
r-oldrel-macos-arm64 1.0.0 20.00 NOTE
r-oldrel-macos-x86_64 1.0.0 30.00 NOTE
r-oldrel-windows-ix86+x86_64 1.0.0 7.00 50.00 57.00 NOTE

Check Details

Version: 1.0.0
Check: LazyData
Result: NOTE
     'LazyData' is specified without a 'data' directory
Flavors: r-devel-linux-x86_64-debian-clang, r-devel-linux-x86_64-debian-gcc, r-devel-linux-x86_64-fedora-clang, r-devel-linux-x86_64-fedora-gcc, r-devel-windows-x86_64, r-patched-linux-x86_64, r-release-linux-x86_64, r-release-macos-arm64, r-release-macos-x86_64, r-release-windows-x86_64, r-oldrel-macos-arm64, r-oldrel-macos-x86_64, r-oldrel-windows-ix86+x86_64