Last updated on 2023-10-01 05:05:36 CEST.
Flavor | Version | Tinstall | Tcheck | Ttotal | Status | Flags |
---|---|---|---|---|---|---|
r-devel-linux-x86_64-debian-clang | 11.8.8 | 26.94 | 270.13 | 297.07 | OK | |
r-devel-linux-x86_64-debian-gcc | 11.8.8 | 17.76 | 194.36 | 212.12 | OK | |
r-devel-linux-x86_64-fedora-clang | 11.8.8 | 362.18 | NOTE | |||
r-devel-linux-x86_64-fedora-gcc | 11.8.8 | 361.62 | NOTE | |||
r-devel-windows-x86_64 | 11.8.8 | 23.00 | 199.00 | 222.00 | OK | |
r-patched-linux-x86_64 | 11.8.8 | 21.00 | 254.54 | 275.54 | OK | |
r-release-linux-x86_64 | 11.8.8 | 15.90 | 255.53 | 271.43 | OK | |
r-release-macos-arm64 | 11.8.8 | 101.00 | OK | |||
r-release-macos-x86_64 | 11.8.8 | 164.00 | OK | |||
r-release-windows-x86_64 | 11.8.8 | 30.00 | 257.00 | 287.00 | OK | |
r-oldrel-macos-arm64 | 11.8.8 | 89.00 | NOTE | |||
r-oldrel-macos-x86_64 | 11.8.8 | 126.00 | NOTE | |||
r-oldrel-windows-x86_64 | 11.8.8 | 31.00 | 235.00 | 266.00 | OK |
Version: 11.8.8
Check: data for non-ASCII characters
Result: NOTE
Note: found 64209 marked UTF-8 strings
Flavors: r-devel-linux-x86_64-fedora-clang, r-devel-linux-x86_64-fedora-gcc, r-oldrel-macos-arm64, r-oldrel-macos-x86_64