CRAN Package Check Results for Package babsim.hospital

Last updated on 2022-12-02 04:00:03 CET.

Flavor Version Tinstall Tcheck Ttotal Status Flags
r-devel-linux-x86_64-debian-clang 11.8.8 26.48 282.61 309.09 OK
r-devel-linux-x86_64-debian-gcc 11.8.8 20.13 206.76 226.89 OK
r-devel-linux-x86_64-fedora-clang 11.8.8 396.55 NOTE
r-devel-linux-x86_64-fedora-gcc 11.8.8 388.56 NOTE
r-devel-windows-x86_64 11.8.8 269.00 311.00 580.00 OK
r-patched-linux-x86_64 11.8.8 27.63 263.60 291.23 OK
r-release-linux-x86_64 11.8.8 21.94 262.21 284.15 OK
r-release-macos-arm64 11.8.8 89.00 NOTE
r-release-macos-x86_64 11.8.8 126.00 NOTE
r-release-windows-x86_64 11.8.8 253.00 316.00 569.00 OK
r-oldrel-macos-arm64 11.8.8 86.00 NOTE
r-oldrel-macos-x86_64 11.8.8 118.00 NOTE
r-oldrel-windows-ix86+x86_64 11.8.8 50.00 283.00 333.00 OK

Check Details

Version: 11.8.8
Check: data for non-ASCII characters
Result: NOTE
     Note: found 64209 marked UTF-8 strings
Flavors: r-devel-linux-x86_64-fedora-clang, r-devel-linux-x86_64-fedora-gcc, r-release-macos-arm64, r-release-macos-x86_64, r-oldrel-macos-arm64, r-oldrel-macos-x86_64