CRAN Package Check Results for Package babel

Last updated on 2020-09-22 16:02:22 CEST.

Flavor Version Tinstall Tcheck Ttotal Status Flags
r-devel-linux-x86_64-debian-clang 0.3-0 4.43 238.95 243.38 OK
r-devel-linux-x86_64-debian-gcc 0.3-0 3.84 177.64 181.48 OK
r-devel-linux-x86_64-fedora-clang 0.3-0 293.99 OK
r-devel-linux-x86_64-fedora-gcc 0.3-0 294.72 OK
r-devel-windows-ix86+x86_64 0.3-0 11.00 74.00 85.00 OK --no-vignettes
r-patched-linux-x86_64 0.3-0 4.28 228.62 232.90 OK
r-patched-solaris-x86 0.3-0 120.00 OK --no-vignettes
r-release-linux-x86_64 0.3-0 4.21 236.17 240.38 OK
r-release-macos-x86_64 0.3-0 OK
r-release-windows-ix86+x86_64 0.3-0 8.00 80.00 88.00 OK --no-vignettes
r-oldrel-macos-x86_64 0.3-0 WARN
r-oldrel-windows-ix86+x86_64 0.3-0 7.00 81.00 88.00 OK --no-vignettes

Check Details

Version: 0.3-0
Check: whether package can be installed
Result: WARN
    Found the following significant warnings:
     Warning: package ‘edgeR’ was built under R version 3.6.1
Flavor: r-oldrel-macos-x86_64