CRAN Package Check Results for Package babel

Last updated on 2021-09-19 03:50:49 CEST.

Flavor Version Tinstall Tcheck Ttotal Status Flags
r-devel-linux-x86_64-debian-clang 0.3-0 5.21 231.42 236.63 OK
r-devel-linux-x86_64-debian-gcc 0.3-0 3.57 179.33 182.90 OK
r-devel-linux-x86_64-fedora-clang 0.3-0 289.50 OK
r-devel-linux-x86_64-fedora-gcc 0.3-0 297.80 OK
r-devel-windows-x86_64 0.3-0 6.00 92.00 98.00 OK --no-vignettes
r-devel-windows-x86_64-gcc10-UCRT 0.3-0 ERROR
r-patched-linux-x86_64 0.3-0 4.96 236.94 241.90 OK
r-patched-solaris-x86 0.3-0 123.50 OK --no-vignettes
r-release-linux-x86_64 0.3-0 5.00 239.12 244.12 OK
r-release-macos-arm64 0.3-0 OK
r-release-macos-x86_64 0.3-0 OK
r-release-windows-ix86+x86_64 0.3-0 10.00 64.00 74.00 OK --no-vignettes
r-oldrel-macos-x86_64 0.3-0 OK
r-oldrel-windows-ix86+x86_64 0.3-0 11.00 65.00 76.00 OK --no-vignettes

Check Details

Version: 0.3-0
Check: whether package can be installed
Result: WARN
    Found the following significant warnings:
     WARNING: installation-time patches will not be applied, could not get the patches index
Flavor: r-devel-windows-x86_64-gcc10-UCRT

Version: 0.3-0
Check: PDF version of manual
Result: WARN
    LaTeX errors when creating PDF version.
    This typically indicates Rd problems.
Flavor: r-devel-windows-x86_64-gcc10-UCRT

Version: 0.3-0
Check: PDF version of manual without hyperrefs or index
Result: ERROR
    Re-running with no redirection of stdout/stderr.
Flavor: r-devel-windows-x86_64-gcc10-UCRT