CRAN Package Check Results for Package bRacatus

Last updated on 2022-09-25 15:56:38 CEST.

Flavor Version Tinstall Tcheck Ttotal Status Flags
r-devel-linux-x86_64-debian-clang 1.0.9 39.31 387.85 427.16 OK
r-devel-linux-x86_64-debian-gcc 1.0.9 35.55 288.53 324.08 OK
r-devel-linux-x86_64-fedora-clang 1.0.9 556.65 NOTE
r-devel-linux-x86_64-fedora-gcc 1.0.9 528.65 NOTE
r-devel-windows-x86_64 1.0.8 55.00 416.00 471.00 ERROR
r-patched-linux-x86_64 1.0.9 40.07 370.51 410.58 OK
r-release-linux-x86_64 1.0.9 39.11 370.73 409.84 OK
r-release-macos-arm64 1.0.9 162.00 NOTE
r-release-macos-x86_64 1.0.9 195.00 NOTE
r-release-windows-x86_64 1.0.9 51.00 434.00 485.00 OK
r-oldrel-macos-arm64 1.0.9 139.00 NOTE
r-oldrel-macos-x86_64 1.0.9 187.00 NOTE
r-oldrel-windows-ix86+x86_64 1.0.9 104.00 428.00 532.00 OK

Check Details

Version: 1.0.9
Check: data for non-ASCII characters
Result: NOTE
     Note: found 2487 marked UTF-8 strings
Flavors: r-devel-linux-x86_64-fedora-clang, r-devel-linux-x86_64-fedora-gcc, r-release-macos-arm64, r-release-macos-x86_64, r-oldrel-macos-arm64, r-oldrel-macos-x86_64

Version: 1.0.8
Check: examples
Result: ERROR
    Running examples in 'bRacatus-Ex.R' failed
    The error most likely occurred in:
    
    > ### Name: glonafRegions
    > ### Title: glonafRegions
    > ### Aliases: glonafRegions
    >
    > ### ** Examples
    >
    > glonaf_reference_regions <- glonafRegions("Boreava aptera")
    Warning in giftRegions(species) :
     GIFT does not have checklists for Boreava aptera.
    Error in if (inherits(regs_nat2, "try-error") | nrow(regs_nat2) == 0) { :
     argument is of length zero
    Calls: glonafRegions
    Execution halted
Flavor: r-devel-windows-x86_64