CRAN Package Check Results for Package aweSOM

Last updated on 2022-06-25 03:50:52 CEST.

Flavor Version Tinstall Tcheck Ttotal Status Flags
r-devel-linux-x86_64-debian-clang 1.2 5.76 61.34 67.10 OK
r-devel-linux-x86_64-debian-gcc 1.2 5.01 45.92 50.93 OK
r-devel-linux-x86_64-fedora-clang 1.2 88.96 NOTE
r-devel-linux-x86_64-fedora-gcc 1.2 89.15 NOTE
r-devel-windows-x86_64 1.2 17.00 91.00 108.00 OK
r-patched-linux-x86_64 1.2 6.11 57.87 63.98 OK
r-release-linux-x86_64 1.2 4.73 58.91 63.64 OK
r-release-macos-arm64 1.2 26.00 NOTE
r-release-macos-x86_64 1.2 46.00 NOTE
r-release-windows-x86_64 1.2 18.00 96.00 114.00 OK
r-oldrel-macos-arm64 1.2 90.00 NOTE
r-oldrel-macos-x86_64 1.2 42.00 NOTE
r-oldrel-windows-ix86+x86_64 1.2 16.00 80.00 96.00 OK

Check Details

Version: 1.2
Check: dependencies in R code
Result: NOTE
    Namespaces in Imports field not imported from:
     ‘DT’ ‘bslib’ ‘rclipboard’ ‘rmarkdown’
     All declared Imports should be used.
Flavors: r-devel-linux-x86_64-fedora-clang, r-devel-linux-x86_64-fedora-gcc, r-release-macos-arm64, r-release-macos-x86_64, r-oldrel-macos-arm64, r-oldrel-macos-x86_64