CRAN Package Check Results for Package av

Last updated on 2022-08-15 03:52:42 CEST.

Flavor Version Tinstall Tcheck Ttotal Status Flags
r-devel-linux-x86_64-debian-clang 0.7.0 4.68 2.96 7.64 ERROR
r-devel-linux-x86_64-debian-gcc 0.8.0 3.85 56.39 60.24 OK
r-devel-linux-x86_64-fedora-clang 0.7.0 106.13 OK
r-devel-linux-x86_64-fedora-gcc 0.8.0 110.50 OK
r-devel-windows-x86_64 0.8.0 41.00 193.00 234.00 NOTE
r-patched-linux-x86_64 0.7.0 4.43 2.86 7.29 ERROR
r-release-linux-x86_64 0.8.0 4.99 72.46 77.45 OK
r-release-macos-arm64 0.8.0 44.00 NOTE
r-release-macos-x86_64 0.7.0 50.00 NOTE
r-release-windows-x86_64 0.8.0 36.00 208.00 244.00 NOTE
r-oldrel-macos-arm64 0.8.0 46.00 NOTE
r-oldrel-macos-x86_64 0.7.0 45.00 NOTE
r-oldrel-windows-ix86+x86_64 0.7.0 46.00 305.00 351.00 NOTE

Check Details

Version: 0.7.0
Check: whether package can be installed
Result: ERROR
    Installation failed.
Flavors: r-devel-linux-x86_64-debian-clang, r-patched-linux-x86_64

Version: 0.8.0
Check: installed package size
Result: NOTE
     installed size is 28.6Mb
     sub-directories of 1Mb or more:
     libs 27.8Mb
Flavors: r-devel-windows-x86_64, r-release-macos-arm64, r-release-windows-x86_64, r-oldrel-macos-arm64

Version: 0.7.0
Check: installed package size
Result: NOTE
     installed size is 24.9Mb
     sub-directories of 1Mb or more:
     libs 24.1Mb
Flavors: r-release-macos-x86_64, r-oldrel-macos-x86_64, r-oldrel-windows-ix86+x86_64