CRAN Package Check Results for Package automultinomial

Last updated on 2020-09-22 16:02:22 CEST.

Flavor Version Tinstall Tcheck Ttotal Status Flags
r-devel-linux-x86_64-debian-clang 2.0.0 3.06 57.00 60.06 OK
r-devel-linux-x86_64-debian-gcc 2.0.0 2.25 41.70 43.95 OK
r-devel-linux-x86_64-fedora-clang 2.0.0 78.74 NOTE
r-devel-linux-x86_64-fedora-gcc 2.0.0 70.23 NOTE
r-devel-windows-ix86+x86_64 2.0.0 6.00 65.00 71.00 OK
r-patched-linux-x86_64 2.0.0 2.87 54.09 56.96 OK
r-patched-solaris-x86 2.0.0 93.30 NOTE
r-release-linux-x86_64 2.0.0 3.06 54.72 57.78 OK
r-release-macos-x86_64 2.0.0 NOTE
r-release-windows-ix86+x86_64 2.0.0 6.00 79.00 85.00 OK
r-oldrel-macos-x86_64 2.0.0 NOTE
r-oldrel-windows-ix86+x86_64 2.0.0 3.00 82.00 85.00 OK

Check Details

Version: 2.0.0
Check: dependencies in R code
Result: NOTE
    Namespace in Imports field not imported from: ‘igraph’
     All declared Imports should be used.
Flavors: r-devel-linux-x86_64-fedora-clang, r-devel-linux-x86_64-fedora-gcc, r-patched-solaris-x86, r-release-macos-x86_64, r-oldrel-macos-x86_64