Last updated on 2022-06-30 15:51:34 CEST.
Flavor | Version | Tinstall | Tcheck | Ttotal | Status | Flags |
---|---|---|---|---|---|---|
r-devel-linux-x86_64-debian-clang | 0.1.0 | 17.30 | 135.77 | 153.07 | OK | |
r-devel-linux-x86_64-debian-gcc | 0.1.0 | 13.64 | 102.04 | 115.68 | OK | |
r-devel-linux-x86_64-fedora-clang | 0.1.0 | 193.13 | NOTE | |||
r-devel-linux-x86_64-fedora-gcc | 0.1.0 | 191.22 | NOTE | |||
r-devel-windows-x86_64 | 0.1.0 | 28.00 | 148.00 | 176.00 | OK | |
r-patched-linux-x86_64 | 0.1.0 | 17.44 | 130.16 | 147.60 | OK | |
r-release-linux-x86_64 | 0.1.0 | 13.72 | 127.81 | 141.53 | OK | |
r-release-macos-arm64 | 0.1.0 | 62.00 | NOTE | |||
r-release-macos-x86_64 | 0.1.0 | 74.00 | NOTE | |||
r-release-windows-x86_64 | 0.1.0 | 28.00 | 154.00 | 182.00 | OK | |
r-oldrel-macos-arm64 | 0.1.0 | 51.00 | NOTE | |||
r-oldrel-macos-x86_64 | 0.1.0 | 73.00 | NOTE | |||
r-oldrel-windows-ix86+x86_64 | 0.1.0 | 37.00 | 154.00 | 191.00 | OK |
Version: 0.1.0
Check: dependencies in R code
Result: NOTE
Namespaces in Imports field not imported from:
‘Hmisc’ ‘broom’ ‘tibble’ ‘usethis’
All declared Imports should be used.
Flavors: r-devel-linux-x86_64-fedora-clang, r-devel-linux-x86_64-fedora-gcc, r-release-macos-arm64, r-release-macos-x86_64, r-oldrel-macos-arm64, r-oldrel-macos-x86_64