CRAN Package Check Results for Package autocogs

Last updated on 2023-01-29 03:55:08 CET.

Flavor Version Tinstall Tcheck Ttotal Status Flags
r-devel-linux-x86_64-debian-clang 0.1.4 5.03 65.17 70.20 OK
r-devel-linux-x86_64-debian-gcc 0.1.4 5.06 49.86 54.92 OK
r-devel-linux-x86_64-fedora-clang 0.1.4 88.89 NOTE
r-devel-linux-x86_64-fedora-gcc 0.1.4 84.82 NOTE
r-devel-windows-x86_64 0.1.4 28.00 94.00 122.00 OK
r-patched-linux-x86_64 0.1.4 6.34 64.44 70.78 OK
r-release-linux-x86_64 0.1.4 4.21 63.58 67.79 OK
r-release-macos-arm64 0.1.4 27.00 NOTE
r-release-macos-x86_64 0.1.4 54.00 NOTE
r-release-windows-x86_64 0.1.4 23.00 98.00 121.00 OK
r-oldrel-macos-arm64 0.1.4 33.00 NOTE
r-oldrel-macos-x86_64 0.1.4 44.00 NOTE
r-oldrel-windows-ix86+x86_64 0.1.4 15.00 92.00 107.00 OK

Check Details

Version: 0.1.4
Check: dependencies in R code
Result: NOTE
    Namespaces in Imports field not imported from:
     ‘MASS’ ‘broom’ ‘diptest’ ‘ggplot2’ ‘hexbin’ ‘moments’
     All declared Imports should be used.
Flavors: r-devel-linux-x86_64-fedora-clang, r-devel-linux-x86_64-fedora-gcc, r-release-macos-arm64, r-release-macos-x86_64, r-oldrel-macos-arm64, r-oldrel-macos-x86_64