CRAN Package Check Results for Package audrex

Last updated on 2024-06-24 15:56:38 CEST.

Flavor Version Tinstall Tcheck Ttotal Status Flags
r-devel-linux-x86_64-debian-clang 2.0.1 19.05 156.71 175.76 OK
r-devel-linux-x86_64-debian-gcc 2.0.1 15.07 112.84 127.91 OK
r-devel-linux-x86_64-fedora-clang 2.0.1 219.98 NOTE
r-devel-linux-x86_64-fedora-gcc 2.0.1 204.77 NOTE
r-devel-windows-x86_64 2.0.1 18.00 111.00 129.00 OK
r-patched-linux-x86_64 2.0.1 12.92 144.27 157.19 OK
r-release-linux-x86_64 2.0.1 13.84 144.48 158.32 OK
r-release-macos-arm64 2.0.1 54.00 OK
r-release-macos-x86_64 2.0.1 88.00 OK
r-release-windows-x86_64 2.0.1 19.00 111.00 130.00 OK
r-oldrel-macos-arm64 2.0.1 59.00 OK
r-oldrel-macos-x86_64 2.0.1 95.00 OK
r-oldrel-windows-x86_64 2.0.1 21.00 144.00 165.00 OK

Check Details

Version: 2.0.1
Check: data for non-ASCII characters
Result: NOTE Note: found 1 marked UTF-8 string Flavors: r-devel-linux-x86_64-fedora-clang, r-devel-linux-x86_64-fedora-gcc