CRAN Package Check Results for Package atlas

Last updated on 2020-09-29 15:47:28 CEST.

Flavor Version Tinstall Tcheck Ttotal Status Flags
r-devel-linux-x86_64-debian-clang 1.0.0 2.07 20.83 22.90 OK
r-devel-linux-x86_64-debian-gcc 1.0.0 1.61 16.52 18.13 OK
r-devel-linux-x86_64-fedora-clang 1.0.0 36.43 NOTE
r-devel-linux-x86_64-fedora-gcc 1.0.0 27.39 NOTE
r-devel-windows-ix86+x86_64 1.0.0 4.00 38.00 42.00 OK
r-patched-linux-x86_64 1.0.0 2.00 20.35 22.35 OK
r-patched-solaris-x86 1.0.0 41.50 NOTE
r-release-linux-x86_64 1.0.0 2.05 20.50 22.55 OK
r-release-macos-x86_64 1.0.0 NOTE
r-release-windows-ix86+x86_64 1.0.0 5.00 39.00 44.00 OK
r-oldrel-macos-x86_64 1.0.0 NOTE
r-oldrel-windows-ix86+x86_64 1.0.0 4.00 38.00 42.00 OK

Check Details

Version: 1.0.0
Check: dependencies in R code
Result: NOTE
    Namespace in Imports field not imported from: ‘testthat’
     All declared Imports should be used.
Flavors: r-devel-linux-x86_64-fedora-clang, r-devel-linux-x86_64-fedora-gcc, r-patched-solaris-x86, r-release-macos-x86_64, r-oldrel-macos-x86_64