CRAN Package Check Results for Package assertive.sets

Last updated on 2022-11-26 16:02:49 CET.

Flavor Version Tinstall Tcheck Ttotal Status Flags
r-devel-linux-x86_64-debian-clang 0.0-3 1.61 25.53 27.14 NOTE
r-devel-linux-x86_64-debian-gcc 0.0-3 1.70 19.73 21.43 NOTE
r-devel-linux-x86_64-fedora-clang 0.0-3 44.81 NOTE
r-devel-linux-x86_64-fedora-gcc 0.0-3 42.32 NOTE
r-devel-windows-x86_64 0.0-3 15.00 49.00 64.00 NOTE
r-patched-linux-x86_64 0.0-3 NOTE
r-release-linux-x86_64 0.0-3 1.46 23.61 25.07 NOTE
r-release-macos-arm64 0.0-3 15.00 NOTE
r-release-macos-x86_64 0.0-3 22.00 NOTE
r-release-windows-x86_64 0.0-3 12.00 62.00 74.00 NOTE
r-oldrel-macos-arm64 0.0-3 19.00 NOTE
r-oldrel-macos-x86_64 0.0-3 28.00 NOTE
r-oldrel-windows-ix86+x86_64 0.0-3 5.00 48.00 53.00 NOTE

Check Details

Version: 0.0-3
Check: LazyData
Result: NOTE
     'LazyData' is specified without a 'data' directory
Flavors: r-devel-linux-x86_64-debian-clang, r-devel-linux-x86_64-debian-gcc, r-devel-linux-x86_64-fedora-clang, r-devel-linux-x86_64-fedora-gcc, r-devel-windows-x86_64, r-patched-linux-x86_64, r-release-linux-x86_64, r-release-macos-arm64, r-release-macos-x86_64, r-release-windows-x86_64, r-oldrel-macos-arm64, r-oldrel-macos-x86_64, r-oldrel-windows-ix86+x86_64

Version: 0.0-3
Check: Rd cross-references
Result: NOTE
    Undeclared package ‘sets’ in Rd xrefs
Flavor: r-devel-linux-x86_64-fedora-clang