CRAN Package Check Results for Package assertive.numbers

Last updated on 2022-11-26 16:02:49 CET.

Flavor Version Tinstall Tcheck Ttotal Status Flags
r-devel-linux-x86_64-debian-clang 0.0-2 2.97 30.23 33.20 NOTE
r-devel-linux-x86_64-debian-gcc 0.0-2 2.27 23.17 25.44 NOTE
r-devel-linux-x86_64-fedora-clang 0.0-2 51.30 NOTE
r-devel-linux-x86_64-fedora-gcc 0.0-2 49.00 NOTE
r-devel-windows-x86_64 0.0-2 137.00 57.00 194.00 NOTE
r-patched-linux-x86_64 0.0-2 NOTE
r-release-linux-x86_64 0.0-2 2.53 28.22 30.75 NOTE
r-release-macos-arm64 0.0-2 17.00 NOTE
r-release-macos-x86_64 0.0-2 23.00 NOTE
r-release-windows-x86_64 0.0-2 54.00 59.00 113.00 NOTE
r-oldrel-macos-arm64 0.0-2 22.00 NOTE
r-oldrel-macos-x86_64 0.0-2 30.00 NOTE
r-oldrel-windows-ix86+x86_64 0.0-2 6.00 52.00 58.00 NOTE

Check Details

Version: 0.0-2
Check: LazyData
Result: NOTE
     'LazyData' is specified without a 'data' directory
Flavors: r-devel-linux-x86_64-debian-clang, r-devel-linux-x86_64-debian-gcc, r-devel-linux-x86_64-fedora-clang, r-devel-linux-x86_64-fedora-gcc, r-devel-windows-x86_64, r-patched-linux-x86_64, r-release-linux-x86_64, r-release-macos-arm64, r-release-macos-x86_64, r-release-windows-x86_64, r-oldrel-macos-arm64, r-oldrel-macos-x86_64, r-oldrel-windows-ix86+x86_64