CRAN Package Check Results for Package assertive

Last updated on 2022-09-25 03:54:24 CEST.

Flavor Version Tinstall Tcheck Ttotal Status Flags
r-devel-linux-x86_64-debian-clang 0.3-6 3.26 44.28 47.54 NOTE
r-devel-linux-x86_64-debian-gcc 0.3-6 3.53 34.57 38.10 NOTE
r-devel-linux-x86_64-fedora-clang 0.3-6 70.20 NOTE
r-devel-linux-x86_64-fedora-gcc 0.3-6 71.47 NOTE
r-devel-windows-x86_64 0.3-6 67.00 104.00 171.00 NOTE
r-patched-linux-x86_64 0.3-6 5.33 42.03 47.36 NOTE
r-release-linux-x86_64 0.3-6 4.07 41.56 45.63 NOTE
r-release-macos-arm64 0.3-6 25.00 NOTE
r-release-macos-x86_64 0.3-6 37.00 NOTE
r-release-windows-x86_64 0.3-6 73.00 94.00 167.00 NOTE
r-oldrel-macos-arm64 0.3-6 34.00 NOTE
r-oldrel-macos-x86_64 0.3-6 50.00 NOTE
r-oldrel-windows-ix86+x86_64 0.3-6 10.00 67.00 77.00 NOTE

Check Details

Version: 0.3-6
Check: LazyData
Result: NOTE
     'LazyData' is specified without a 'data' directory
Flavors: r-devel-linux-x86_64-debian-clang, r-devel-linux-x86_64-debian-gcc, r-devel-linux-x86_64-fedora-clang, r-devel-linux-x86_64-fedora-gcc, r-devel-windows-x86_64, r-patched-linux-x86_64, r-release-linux-x86_64, r-release-macos-arm64, r-release-macos-x86_64, r-release-windows-x86_64, r-oldrel-macos-arm64, r-oldrel-macos-x86_64, r-oldrel-windows-ix86+x86_64