Last updated on 2023-02-08 04:06:55 CET.
Flavor | Version | Tinstall | Tcheck | Ttotal | Status | Flags |
---|---|---|---|---|---|---|
r-devel-linux-x86_64-debian-clang | 0.3-6 | 4.42 | 42.12 | 46.54 | NOTE | |
r-devel-linux-x86_64-debian-gcc | 0.3-6 | 3.16 | 31.64 | 34.80 | NOTE | |
r-devel-linux-x86_64-fedora-clang | 0.3-6 | 56.85 | NOTE | |||
r-devel-linux-x86_64-fedora-gcc | 0.3-6 | 73.58 | NOTE | |||
r-devel-windows-x86_64 | 0.3-6 | 73.00 | 99.00 | 172.00 | NOTE | |
r-patched-linux-x86_64 | 0.3-6 | 5.26 | 39.25 | 44.51 | NOTE | |
r-release-linux-x86_64 | 0.3-6 | 3.49 | 40.98 | 44.47 | NOTE | |
r-release-macos-arm64 | 0.3-6 | 25.00 | NOTE | |||
r-release-macos-x86_64 | 0.3-6 | 37.00 | NOTE | |||
r-release-windows-x86_64 | 0.3-6 | 66.00 | 100.00 | 166.00 | NOTE | |
r-oldrel-macos-arm64 | 0.3-6 | 34.00 | NOTE | |||
r-oldrel-macos-x86_64 | 0.3-6 | 50.00 | NOTE | |||
r-oldrel-windows-ix86+x86_64 | 0.3-6 | 9.00 | 69.00 | 78.00 | NOTE |
Version: 0.3-6
Check: LazyData
Result: NOTE
'LazyData' is specified without a 'data' directory
Flavors: r-devel-linux-x86_64-debian-clang, r-devel-linux-x86_64-debian-gcc, r-devel-linux-x86_64-fedora-clang, r-devel-linux-x86_64-fedora-gcc, r-devel-windows-x86_64, r-patched-linux-x86_64, r-release-linux-x86_64, r-release-macos-arm64, r-release-macos-x86_64, r-release-windows-x86_64, r-oldrel-macos-arm64, r-oldrel-macos-x86_64, r-oldrel-windows-ix86+x86_64