Last updated on 2023-10-01 05:05:36 CEST.
Flavor | Version | Tinstall | Tcheck | Ttotal | Status | Flags |
---|---|---|---|---|---|---|
r-devel-linux-x86_64-debian-clang | 0.0-3 | 2.66 | 28.47 | 31.13 | NOTE | |
r-devel-linux-x86_64-debian-gcc | 0.0-3 | 2.20 | 21.95 | 24.15 | NOTE | |
r-devel-linux-x86_64-fedora-clang | 0.0-3 | 37.90 | NOTE | |||
r-devel-linux-x86_64-fedora-gcc | 0.0-3 | 38.08 | NOTE | |||
r-devel-windows-x86_64 | 0.0-3 | 5.00 | 46.00 | 51.00 | NOTE | |
r-patched-linux-x86_64 | 0.0-3 | 2.64 | 27.45 | 30.09 | NOTE | |
r-release-linux-x86_64 | 0.0-3 | 2.60 | 27.83 | 30.43 | NOTE | |
r-release-macos-arm64 | 0.0-3 | 21.00 | NOTE | |||
r-release-macos-x86_64 | 0.0-3 | 24.00 | NOTE | |||
r-release-windows-x86_64 | 0.0-3 | 4.00 | 45.00 | 49.00 | NOTE | |
r-oldrel-macos-arm64 | 0.0-3 | 17.00 | NOTE | |||
r-oldrel-macos-x86_64 | 0.0-3 | 24.00 | NOTE | |||
r-oldrel-windows-x86_64 | 0.0-3 | 5.00 | 47.00 | 52.00 | NOTE |
Version: 0.0-3
Check: LazyData
Result: NOTE
'LazyData' is specified without a 'data' directory
Flavors: r-devel-linux-x86_64-debian-clang, r-devel-linux-x86_64-debian-gcc, r-devel-linux-x86_64-fedora-clang, r-devel-linux-x86_64-fedora-gcc, r-devel-windows-x86_64, r-patched-linux-x86_64, r-release-linux-x86_64, r-release-macos-arm64, r-release-macos-x86_64, r-release-windows-x86_64, r-oldrel-macos-arm64, r-oldrel-macos-x86_64, r-oldrel-windows-x86_64