CRAN Package Check Results for Package assertive.data

Last updated on 2022-11-26 16:02:49 CET.

Flavor Version Tinstall Tcheck Ttotal Status Flags
r-devel-linux-x86_64-debian-clang 0.0-3 2.42 29.14 31.56 NOTE
r-devel-linux-x86_64-debian-gcc 0.0-3 2.07 22.88 24.95 NOTE
r-devel-linux-x86_64-fedora-clang 0.0-3 50.58 NOTE
r-devel-linux-x86_64-fedora-gcc 0.0-3 49.05 NOTE
r-devel-windows-x86_64 0.0-3 19.00 61.00 80.00 NOTE
r-patched-linux-x86_64 0.0-3 NOTE
r-release-linux-x86_64 0.0-3 2.53 27.84 30.37 NOTE
r-release-macos-arm64 0.0-3 17.00 NOTE
r-release-macos-x86_64 0.0-3 24.00 NOTE
r-release-windows-x86_64 0.0-3 17.00 60.00 77.00 NOTE
r-oldrel-macos-arm64 0.0-3 26.00 NOTE
r-oldrel-macos-x86_64 0.0-3 25.00 NOTE
r-oldrel-windows-ix86+x86_64 0.0-3 10.00 53.00 63.00 NOTE

Check Details

Version: 0.0-3
Check: LazyData
Result: NOTE
     'LazyData' is specified without a 'data' directory
Flavors: r-devel-linux-x86_64-debian-clang, r-devel-linux-x86_64-debian-gcc, r-devel-linux-x86_64-fedora-clang, r-devel-linux-x86_64-fedora-gcc, r-devel-windows-x86_64, r-patched-linux-x86_64, r-release-linux-x86_64, r-release-macos-arm64, r-release-macos-x86_64, r-release-windows-x86_64, r-oldrel-macos-arm64, r-oldrel-macos-x86_64, r-oldrel-windows-ix86+x86_64