Last updated on 2023-02-03 03:55:42 CET.
Flavor | Version | Tinstall | Tcheck | Ttotal | Status | Flags |
---|---|---|---|---|---|---|
r-devel-linux-x86_64-debian-clang | 4.3.45 | 22.77 | 247.85 | 270.62 | NOTE | |
r-devel-linux-x86_64-debian-gcc | 4.3.45 | 19.89 | 182.14 | 202.03 | NOTE | |
r-devel-linux-x86_64-fedora-clang | 4.3.45 | 334.18 | NOTE | |||
r-devel-linux-x86_64-fedora-gcc | 4.3.45 | 339.40 | NOTE | |||
r-devel-windows-x86_64 | 4.3.45 | 154.00 | 321.00 | 475.00 | NOTE | |
r-patched-linux-x86_64 | 4.3.45 | 37.72 | 225.43 | 263.15 | NOTE | |
r-release-linux-x86_64 | 4.3.45 | 24.48 | 218.15 | 242.63 | NOTE | |
r-release-macos-arm64 | 4.3.45 | 71.00 | NOTE | |||
r-release-macos-x86_64 | 4.3.45 | 106.00 | NOTE | |||
r-release-windows-x86_64 | 4.3.45 | 130.00 | 306.00 | 436.00 | NOTE | |
r-oldrel-macos-arm64 | 4.3.45 | 73.00 | NOTE | |||
r-oldrel-macos-x86_64 | 4.3.45 | 107.00 | NOTE | |||
r-oldrel-windows-ix86+x86_64 | 4.3.45 | 40.00 | 267.00 | 307.00 | NOTE |
Version: 4.3.45
Check: package dependencies
Result: NOTE
Package which this enhances but not available for checking: ‘asreml’
Flavors: r-devel-linux-x86_64-debian-clang, r-devel-linux-x86_64-debian-gcc, r-devel-linux-x86_64-fedora-clang, r-devel-linux-x86_64-fedora-gcc, r-devel-windows-x86_64, r-patched-linux-x86_64, r-release-linux-x86_64, r-release-macos-arm64, r-release-macos-x86_64, r-release-windows-x86_64, r-oldrel-macos-arm64, r-oldrel-macos-x86_64, r-oldrel-windows-ix86+x86_64