CRAN Package Check Results for Package askpass

Last updated on 2022-08-15 03:52:41 CEST.

Flavor Version Tinstall Tcheck Ttotal Status Flags
r-devel-linux-x86_64-debian-clang 1.1 2.09 22.09 24.18 NOTE
r-devel-linux-x86_64-debian-gcc 1.1 1.81 17.33 19.14 NOTE
r-devel-linux-x86_64-fedora-clang 1.1 40.80 NOTE
r-devel-linux-x86_64-fedora-gcc 1.1 41.09 NOTE
r-devel-windows-x86_64 1.1 12.00 49.00 61.00 NOTE
r-patched-linux-x86_64 1.1 1.83 22.37 24.20 NOTE
r-release-linux-x86_64 1.1 2.19 22.04 24.23 NOTE
r-release-macos-arm64 1.1 16.00 NOTE
r-release-macos-x86_64 1.1 22.00 NOTE
r-release-windows-x86_64 1.1 11.00 48.00 59.00 NOTE
r-oldrel-macos-arm64 1.1 20.00 NOTE
r-oldrel-macos-x86_64 1.1 27.00 NOTE
r-oldrel-windows-ix86+x86_64 1.1 11.00 48.00 59.00 NOTE

Check Details

Version: 1.1
Check: LazyData
Result: NOTE
     'LazyData' is specified without a 'data' directory
Flavors: r-devel-linux-x86_64-debian-clang, r-devel-linux-x86_64-debian-gcc, r-devel-linux-x86_64-fedora-clang, r-devel-linux-x86_64-fedora-gcc, r-devel-windows-x86_64, r-patched-linux-x86_64, r-release-linux-x86_64, r-release-macos-arm64, r-release-macos-x86_64, r-release-windows-x86_64, r-oldrel-macos-arm64, r-oldrel-macos-x86_64, r-oldrel-windows-ix86+x86_64